{"version":"1.0","provider_name":"Andreas Klink","provider_url":"https:\/\/www.aklink.de\/wpak","author_name":"ak","author_url":"https:\/\/www.aklink.de\/wpak\/archive\/author\/andreas\/","title":"Interkulturelle Bildung | Andreas Klink","type":"rich","width":600,"height":338,"html":"<blockquote class=\"wp-embedded-content\" data-secret=\"41nbTszELu\"><a href=\"https:\/\/www.aklink.de\/wpak\/interkulturelle-bildung\/\">Interkulturelle Bildung<\/a><\/blockquote><iframe sandbox=\"allow-scripts\" security=\"restricted\" src=\"https:\/\/www.aklink.de\/wpak\/interkulturelle-bildung\/embed\/#?secret=41nbTszELu\" width=\"600\" height=\"338\" title=\"&#8222;Interkulturelle Bildung&#8220; &#8211; Andreas Klink\" data-secret=\"41nbTszELu\" frameborder=\"0\" marginwidth=\"0\" marginheight=\"0\" scrolling=\"no\" class=\"wp-embedded-content\"><\/iframe><script type=\"text\/javascript\">\n\/* <![CDATA[ *\/\n\/*! This file is auto-generated *\/\n!function(d,l){\"use strict\";l.querySelector&&d.addEventListener&&\"undefined\"!=typeof URL&&(d.wp=d.wp||{},d.wp.receiveEmbedMessage||(d.wp.receiveEmbedMessage=function(e){var t=e.data;if((t||t.secret||t.message||t.value)&&!\/[^a-zA-Z0-9]\/.test(t.secret)){for(var s,r,n,a=l.querySelectorAll('iframe[data-secret=\"'+t.secret+'\"]'),o=l.querySelectorAll('blockquote[data-secret=\"'+t.secret+'\"]'),c=new RegExp(\"^https?:$\",\"i\"),i=0;i<o.length;i++)o[i].style.display=\"none\";for(i=0;i<a.length;i++)s=a[i],e.source===s.contentWindow&&(s.removeAttribute(\"style\"),\"height\"===t.message?(1e3<(r=parseInt(t.value,10))?r=1e3:~~r<200&&(r=200),s.height=r):\"link\"===t.message&&(r=new URL(s.getAttribute(\"src\")),n=new URL(t.value),c.test(n.protocol))&&n.host===r.host&&l.activeElement===s&&(d.top.location.href=t.value))}},d.addEventListener(\"message\",d.wp.receiveEmbedMessage,!1),l.addEventListener(\"DOMContentLoaded\",function(){for(var e,t,s=l.querySelectorAll(\"iframe.wp-embedded-content\"),r=0;r<s.length;r++)(t=(e=s[r]).getAttribute(\"data-secret\"))||(t=Math.random().toString(36).substring(2,12),e.src+=\"#?secret=\"+t,e.setAttribute(\"data-secret\",t)),e.contentWindow.postMessage({message:\"ready\",secret:t},\"*\")},!1)))}(window,document);\n\/* ]]> *\/\n<\/script>\n","description":"Im GREND-Bildungswerk war ich von 1999 bis 2011 f\u00fcr den Bereich interkulturelle und politische Bildung zust\u00e4ndig. Meiner Arbeit liegt folgendes Verst\u00e4ndnis von interkultureller Bildung zugrunde: Interkulturelle Bildung thematisiert das gleichberechtigte Zusammenleben verschiedener Kulturen. Dabei ist das zugrundeliegende Kulturverst\u00e4ndnis nicht ein prim\u00e4r ethnisches oder nationales. Vielmehr vollzieht sich interkulturelle Bildung im Spannungsfeld unterschiedlicher weltanschaulicher \u00dcberzeugungen, verschiedenster Lebenseinstellungen, Werthaltungen und Traditionen, wie"}

Im GREND-Bildungswerk war ich von 1999 bis 2011 für den Bereich interkulturelle und politische Bildung zuständig. Meiner Arbeit liegt folgendes Verständnis von interkultureller Bildung zugrunde: Interkulturelle Bildung thematisiert das gleichberechtigte Zusammenleben verschiedener Kulturen. Dabei ist das zugrundeliegende Kulturverständnis nicht ein primär ethnisches oder nationales. Vielmehr vollzieht sich interkulturelle Bildung im Spannungsfeld unterschiedlicher weltanschaulicher Überzeugungen, verschiedenster Lebenseinstellungen, Werthaltungen und Traditionen, wie
