{"id":1823,"date":"2015-08-02T20:25:38","date_gmt":"2015-08-02T18:25:38","guid":{"rendered":"http:\/\/www.aklink.de\/wpak\/?page_id=1823"},"modified":"2023-03-20T22:13:52","modified_gmt":"2023-03-20T21:13:52","slug":"systhema","status":"publish","type":"page","link":"https:\/\/www.aklink.de\/wpak\/systhema\/","title":{"rendered":"Systhema"},"content":{"rendered":"<p><img loading=\"lazy\" decoding=\"async\" class=\" wp-image-1831 size-medium aligncenter\" src=\"http:\/\/www.aklink.de\/wpak\/wp-content\/uploads\/2015\/08\/grafik-systhema-300x86.jpg\" alt=\"grafik systhema\" width=\"300\" height=\"86\" srcset=\"https:\/\/www.aklink.de\/wpak\/wp-content\/uploads\/2015\/08\/grafik-systhema-300x86.jpg 300w, https:\/\/www.aklink.de\/wpak\/wp-content\/uploads\/2015\/08\/grafik-systhema.jpg 405w\" sizes=\"auto, (max-width: 300px) 100vw, 300px\" \/>Seit November 2014 habe ich die gesch\u00e4ftsf\u00fchrende Redaktion der Zeitschrift &#8222;Systhema&#8220; \u00fcbernommen &#8211; bis 2016 vertretungsweise. Die Systhema wird seit 1987 vom Institut f\u00fcr Familientherapie Weinheim \u2013 Ausbildung und Entwicklung e.V. herausgegeben &#8211; bis Ende 2015 in Kooperation mit dem Institut f\u00fcr Familientherapie e.V. Weinheim.<\/p>\n<p>Zun\u00e4chst in erster Linie als Mitgliederzeitschrift konzipiert, die ein Forum f\u00fcr fachliche Auseinandersetzungen bietet, entwickelte sich Systhema neben der Kommunikationsm\u00f6glichkeit f\u00fcr Mitglieder zunehmend zu einer \u00fcber den Institutsrahmen hinaus beachteten Fachzeitschrift. Ein besonderes Kennzeichen von Systhema ist, die Gratwanderung zwischen professionellem Anspruch und niedrigschwelligem Zugang f\u00fcr AutorInnen und Mitglieder zu bew\u00e4ltigen.<\/p>\n<p>Die Zeitschrift erscheint dreimal pro Jahr in einer Auflage von 1400 Exemplaren.<br \/>\nDie einzelnen Ausgaben werden in turnusm\u00e4\u00dfigem Wechsel von den einzelnen Redakteuren verantwortlich betreut.<\/p>\n<p>Systemisch Interessierte sind herzlich eingeladen, in der Systhema zu publizieren oder sie zu abonnieren.<\/p>\n<p>Weitere Informationen zur Systhema, zu Bezugsm\u00f6glichkeiten und zur Manuskriptgestaltung finden sich <a href=\"http:\/\/systhema.net\" target=\"_blank\" rel=\"noopener\" data-wplink-edit=\"true\">hier<\/a>.<\/p>\n","protected":false},"excerpt":{"rendered":"<p>Seit November 2014 habe ich die gesch\u00e4ftsf\u00fchrende Redaktion der Zeitschrift &#8222;Systhema&#8220; \u00fcbernommen &#8211; bis 2016 vertretungsweise. Die Systhema wird seit 1987 vom Institut f\u00fcr Familientherapie Weinheim \u2013 Ausbildung und Entwicklung e.V. herausgegeben &#8211; bis Ende 2015 in Kooperation mit dem Institut f\u00fcr Familientherapie e.V. Weinheim. Zun\u00e4chst in erster Linie als Mitgliederzeitschrift konzipiert, die ein Forum f\u00fcr fachliche Auseinandersetzungen bietet, entwickelte<\/p>\n","protected":false},"author":1,"featured_media":0,"parent":0,"menu_order":5,"comment_status":"closed","ping_status":"open","template":"","meta":{"footnotes":""},"class_list":["post-1823","page","type-page","status-publish","hentry"],"yoast_head":"<!-- This site is optimized with the Yoast SEO plugin v26.4 - https:\/\/yoast.com\/wordpress\/plugins\/seo\/ -->\n<title>Systhema | Andreas Klink<\/title>\n<meta name=\"robots\" content=\"index, follow, max-snippet:-1, max-image-preview:large, max-video-preview:-1\" \/>\n<link rel=\"canonical\" href=\"http:\/\/www.aklink.de\/wpak\/systhema\/\" \/>\n<meta property=\"og:locale\" content=\"de_DE\" \/>\n<meta property=\"og:type\" content=\"article\" \/>\n<meta property=\"og:title\" content=\"Systhema | Andreas Klink\" \/>\n<meta property=\"og:description\" content=\"Seit November 2014 habe ich die gesch\u00e4ftsf\u00fchrende Redaktion der Zeitschrift &#8222;Systhema&#8220; \u00fcbernommen &#8211; bis 2016 vertretungsweise. Die Systhema wird seit 1987 vom Institut f\u00fcr Familientherapie Weinheim \u2013 Ausbildung und Entwicklung e.V. herausgegeben &#8211; bis Ende 2015 in Kooperation mit dem Institut f\u00fcr Familientherapie e.V. Weinheim. Zun\u00e4chst in erster Linie als Mitgliederzeitschrift konzipiert, die ein Forum f\u00fcr fachliche Auseinandersetzungen bietet, entwickelte\" \/>\n<meta property=\"og:url\" content=\"http:\/\/www.aklink.de\/wpak\/systhema\/\" \/>\n<meta property=\"og:site_name\" content=\"Andreas Klink\" \/>\n<meta property=\"article:modified_time\" content=\"2023-03-20T21:13:52+00:00\" \/>\n<meta property=\"og:image\" content=\"http:\/\/www.aklink.de\/wpak\/wp-content\/uploads\/2015\/08\/grafik-systhema-300x86.jpg\" \/>\n<meta name=\"twitter:card\" content=\"summary_large_image\" \/>\n<meta name=\"twitter:label1\" content=\"Gesch\u00e4tzte Lesezeit\" \/>\n\t<meta name=\"twitter:data1\" content=\"2\u00a0Minuten\" \/>\n<script type=\"application\/ld+json\" class=\"yoast-schema-graph\">{\"@context\":\"https:\/\/schema.org\",\"@graph\":[{\"@type\":\"WebPage\",\"@id\":\"http:\/\/www.aklink.de\/wpak\/systhema\/\",\"url\":\"http:\/\/www.aklink.de\/wpak\/systhema\/\",\"name\":\"Systhema | Andreas Klink\",\"isPartOf\":{\"@id\":\"http:\/\/www.aklink.de\/wpak\/#website\"},\"primaryImageOfPage\":{\"@id\":\"http:\/\/www.aklink.de\/wpak\/systhema\/#primaryimage\"},\"image\":{\"@id\":\"http:\/\/www.aklink.de\/wpak\/systhema\/#primaryimage\"},\"thumbnailUrl\":\"http:\/\/www.aklink.de\/wpak\/wp-content\/uploads\/2015\/08\/grafik-systhema-300x86.jpg\",\"datePublished\":\"2015-08-02T18:25:38+00:00\",\"dateModified\":\"2023-03-20T21:13:52+00:00\",\"breadcrumb\":{\"@id\":\"http:\/\/www.aklink.de\/wpak\/systhema\/#breadcrumb\"},\"inLanguage\":\"de\",\"potentialAction\":[{\"@type\":\"ReadAction\",\"target\":[\"http:\/\/www.aklink.de\/wpak\/systhema\/\"]}]},{\"@type\":\"ImageObject\",\"inLanguage\":\"de\",\"@id\":\"http:\/\/www.aklink.de\/wpak\/systhema\/#primaryimage\",\"url\":\"https:\/\/www.aklink.de\/wpak\/wp-content\/uploads\/2015\/08\/grafik-systhema.jpg\",\"contentUrl\":\"https:\/\/www.aklink.de\/wpak\/wp-content\/uploads\/2015\/08\/grafik-systhema.jpg\",\"width\":405,\"height\":116},{\"@type\":\"BreadcrumbList\",\"@id\":\"http:\/\/www.aklink.de\/wpak\/systhema\/#breadcrumb\",\"itemListElement\":[{\"@type\":\"ListItem\",\"position\":1,\"name\":\"Startseite\",\"item\":\"http:\/\/www.aklink.de\/wpak\/\"},{\"@type\":\"ListItem\",\"position\":2,\"name\":\"Systhema\"}]},{\"@type\":\"WebSite\",\"@id\":\"http:\/\/www.aklink.de\/wpak\/#website\",\"url\":\"http:\/\/www.aklink.de\/wpak\/\",\"name\":\"Andreas Klink\",\"description\":\"\",\"publisher\":{\"@id\":\"http:\/\/www.aklink.de\/wpak\/#\/schema\/person\/56e12f2c209b4947bd310bde790c9815\"},\"potentialAction\":[{\"@type\":\"SearchAction\",\"target\":{\"@type\":\"EntryPoint\",\"urlTemplate\":\"http:\/\/www.aklink.de\/wpak\/?s={search_term_string}\"},\"query-input\":{\"@type\":\"PropertyValueSpecification\",\"valueRequired\":true,\"valueName\":\"search_term_string\"}}],\"inLanguage\":\"de\"},{\"@type\":[\"Person\",\"Organization\"],\"@id\":\"http:\/\/www.aklink.de\/wpak\/#\/schema\/person\/56e12f2c209b4947bd310bde790c9815\",\"name\":\"ak\",\"logo\":{\"@id\":\"http:\/\/www.aklink.de\/wpak\/#\/schema\/person\/image\/\"},\"sameAs\":[\"http:\/\/www.aklink.de\"]}]}<\/script>\n<!-- \/ Yoast SEO plugin. -->","yoast_head_json":{"title":"Systhema | Andreas Klink","robots":{"index":"index","follow":"follow","max-snippet":"max-snippet:-1","max-image-preview":"max-image-preview:large","max-video-preview":"max-video-preview:-1"},"canonical":"http:\/\/www.aklink.de\/wpak\/systhema\/","og_locale":"de_DE","og_type":"article","og_title":"Systhema | Andreas Klink","og_description":"Seit November 2014 habe ich die gesch\u00e4ftsf\u00fchrende Redaktion der Zeitschrift &#8222;Systhema&#8220; \u00fcbernommen &#8211; bis 2016 vertretungsweise. Die Systhema wird seit 1987 vom Institut f\u00fcr Familientherapie Weinheim \u2013 Ausbildung und Entwicklung e.V. herausgegeben &#8211; bis Ende 2015 in Kooperation mit dem Institut f\u00fcr Familientherapie e.V. Weinheim. Zun\u00e4chst in erster Linie als Mitgliederzeitschrift konzipiert, die ein Forum f\u00fcr fachliche Auseinandersetzungen bietet, entwickelte","og_url":"http:\/\/www.aklink.de\/wpak\/systhema\/","og_site_name":"Andreas Klink","article_modified_time":"2023-03-20T21:13:52+00:00","og_image":[{"url":"http:\/\/www.aklink.de\/wpak\/wp-content\/uploads\/2015\/08\/grafik-systhema-300x86.jpg","type":"","width":"","height":""}],"twitter_card":"summary_large_image","twitter_misc":{"Gesch\u00e4tzte Lesezeit":"2\u00a0Minuten"},"schema":{"@context":"https:\/\/schema.org","@graph":[{"@type":"WebPage","@id":"http:\/\/www.aklink.de\/wpak\/systhema\/","url":"http:\/\/www.aklink.de\/wpak\/systhema\/","name":"Systhema | Andreas Klink","isPartOf":{"@id":"http:\/\/www.aklink.de\/wpak\/#website"},"primaryImageOfPage":{"@id":"http:\/\/www.aklink.de\/wpak\/systhema\/#primaryimage"},"image":{"@id":"http:\/\/www.aklink.de\/wpak\/systhema\/#primaryimage"},"thumbnailUrl":"http:\/\/www.aklink.de\/wpak\/wp-content\/uploads\/2015\/08\/grafik-systhema-300x86.jpg","datePublished":"2015-08-02T18:25:38+00:00","dateModified":"2023-03-20T21:13:52+00:00","breadcrumb":{"@id":"http:\/\/www.aklink.de\/wpak\/systhema\/#breadcrumb"},"inLanguage":"de","potentialAction":[{"@type":"ReadAction","target":["http:\/\/www.aklink.de\/wpak\/systhema\/"]}]},{"@type":"ImageObject","inLanguage":"de","@id":"http:\/\/www.aklink.de\/wpak\/systhema\/#primaryimage","url":"https:\/\/www.aklink.de\/wpak\/wp-content\/uploads\/2015\/08\/grafik-systhema.jpg","contentUrl":"https:\/\/www.aklink.de\/wpak\/wp-content\/uploads\/2015\/08\/grafik-systhema.jpg","width":405,"height":116},{"@type":"BreadcrumbList","@id":"http:\/\/www.aklink.de\/wpak\/systhema\/#breadcrumb","itemListElement":[{"@type":"ListItem","position":1,"name":"Startseite","item":"http:\/\/www.aklink.de\/wpak\/"},{"@type":"ListItem","position":2,"name":"Systhema"}]},{"@type":"WebSite","@id":"http:\/\/www.aklink.de\/wpak\/#website","url":"http:\/\/www.aklink.de\/wpak\/","name":"Andreas Klink","description":"","publisher":{"@id":"http:\/\/www.aklink.de\/wpak\/#\/schema\/person\/56e12f2c209b4947bd310bde790c9815"},"potentialAction":[{"@type":"SearchAction","target":{"@type":"EntryPoint","urlTemplate":"http:\/\/www.aklink.de\/wpak\/?s={search_term_string}"},"query-input":{"@type":"PropertyValueSpecification","valueRequired":true,"valueName":"search_term_string"}}],"inLanguage":"de"},{"@type":["Person","Organization"],"@id":"http:\/\/www.aklink.de\/wpak\/#\/schema\/person\/56e12f2c209b4947bd310bde790c9815","name":"ak","logo":{"@id":"http:\/\/www.aklink.de\/wpak\/#\/schema\/person\/image\/"},"sameAs":["http:\/\/www.aklink.de"]}]}},"_links":{"self":[{"href":"https:\/\/www.aklink.de\/wpak\/wp-json\/wp\/v2\/pages\/1823","targetHints":{"allow":["GET"]}}],"collection":[{"href":"https:\/\/www.aklink.de\/wpak\/wp-json\/wp\/v2\/pages"}],"about":[{"href":"https:\/\/www.aklink.de\/wpak\/wp-json\/wp\/v2\/types\/page"}],"author":[{"embeddable":true,"href":"https:\/\/www.aklink.de\/wpak\/wp-json\/wp\/v2\/users\/1"}],"replies":[{"embeddable":true,"href":"https:\/\/www.aklink.de\/wpak\/wp-json\/wp\/v2\/comments?post=1823"}],"version-history":[{"count":12,"href":"https:\/\/www.aklink.de\/wpak\/wp-json\/wp\/v2\/pages\/1823\/revisions"}],"predecessor-version":[{"id":2691,"href":"https:\/\/www.aklink.de\/wpak\/wp-json\/wp\/v2\/pages\/1823\/revisions\/2691"}],"wp:attachment":[{"href":"https:\/\/www.aklink.de\/wpak\/wp-json\/wp\/v2\/media?parent=1823"}],"curies":[{"name":"wp","href":"https:\/\/api.w.org\/{rel}","templated":true}]}}

<p><img loading="lazy" decoding="async" class=" wp-image-1831 size-medium aligncenter" src="http://www.aklink.de/wpak/wp-content/uploads/2015/08/grafik-systhema-300x86.jpg" alt="grafik systhema" width="300" height="86" srcset="https://www.aklink.de/wpak/wp-content/uploads/2015/08/grafik-systhema-300x86.jpg 300w, https://www.aklink.de/wpak/wp-content/uploads/2015/08/grafik-systhema.jpg 405w" sizes="auto, (max-width: 300px) 100vw, 300px" />Seit November 2014 habe ich die geschäftsführende Redaktion der Zeitschrift &#8222;Systhema&#8220; übernommen &#8211; bis 2016 vertretungsweise. Die Systhema wird seit 1987 vom Institut für Familientherapie Weinheim – Ausbildung und Entwicklung e.V. herausgegeben &#8211; bis Ende 2015 in Kooperation mit dem Institut für Familientherapie e.V. Weinheim.</p>
<p>Zunächst in erster Linie als Mitgliederzeitschrift konzipiert, die ein Forum für fachliche Auseinandersetzungen bietet, entwickelte sich Systhema neben der Kommunikationsmöglichkeit für Mitglieder zunehmend zu einer über den Institutsrahmen hinaus beachteten Fachzeitschrift. Ein besonderes Kennzeichen von Systhema ist, die Gratwanderung zwischen professionellem Anspruch und niedrigschwelligem Zugang für AutorInnen und Mitglieder zu bewältigen.</p>
<p>Die Zeitschrift erscheint dreimal pro Jahr in einer Auflage von 1400 Exemplaren.<br />
Die einzelnen Ausgaben werden in turnusmäßigem Wechsel von den einzelnen Redakteuren verantwortlich betreut.</p>
<p>Systemisch Interessierte sind herzlich eingeladen, in der Systhema zu publizieren oder sie zu abonnieren.</p>
<p>Weitere Informationen zur Systhema, zu Bezugsmöglichkeiten und zur Manuskriptgestaltung finden sich <a href="http://systhema.net" target="_blank" rel="noopener" data-wplink-edit="true">hier</a>.</p>

<p>Seit November 2014 habe ich die geschäftsführende Redaktion der Zeitschrift &#8222;Systhema&#8220; übernommen &#8211; bis 2016 vertretungsweise. Die Systhema wird seit 1987 vom Institut für Familientherapie Weinheim – Ausbildung und Entwicklung e.V. herausgegeben &#8211; bis Ende 2015 in Kooperation mit dem Institut für Familientherapie e.V. Weinheim. Zunächst in erster Linie als Mitgliederzeitschrift konzipiert, die ein Forum für fachliche Auseinandersetzungen bietet, entwickelte</p>

<!-- This site is optimized with the Yoast SEO plugin v26.4 - https://yoast.com/wordpress/plugins/seo/ -->
<title>Systhema | Andreas Klink</title>
<meta name="robots" content="index, follow, max-snippet:-1, max-image-preview:large, max-video-preview:-1" />
<link rel="canonical" href="http://www.aklink.de/wpak/systhema/" />
<meta property="og:locale" content="de_DE" />
<meta property="og:type" content="article" />
<meta property="og:title" content="Systhema | Andreas Klink" />
<meta property="og:description" content="Seit November 2014 habe ich die geschäftsführende Redaktion der Zeitschrift &#8222;Systhema&#8220; übernommen &#8211; bis 2016 vertretungsweise. Die Systhema wird seit 1987 vom Institut für Familientherapie Weinheim – Ausbildung und Entwicklung e.V. herausgegeben &#8211; bis Ende 2015 in Kooperation mit dem Institut für Familientherapie e.V. Weinheim. Zunächst in erster Linie als Mitgliederzeitschrift konzipiert, die ein Forum für fachliche Auseinandersetzungen bietet, entwickelte" />
<meta property="og:url" content="http://www.aklink.de/wpak/systhema/" />
<meta property="og:site_name" content="Andreas Klink" />
<meta property="article:modified_time" content="2023-03-20T21:13:52+00:00" />
<meta property="og:image" content="http://www.aklink.de/wpak/wp-content/uploads/2015/08/grafik-systhema-300x86.jpg" />
<meta name="twitter:card" content="summary_large_image" />
<meta name="twitter:label1" content="Geschätzte Lesezeit" />
	<meta name="twitter:data1" content="2 Minuten" />
<script type="application/ld+json" class="yoast-schema-graph">{"@context":"https://schema.org","@graph":[{"@type":"WebPage","@id":"http://www.aklink.de/wpak/systhema/","url":"http://www.aklink.de/wpak/systhema/","name":"Systhema | Andreas Klink","isPartOf":{"@id":"http://www.aklink.de/wpak/#website"},"primaryImageOfPage":{"@id":"http://www.aklink.de/wpak/systhema/#primaryimage"},"image":{"@id":"http://www.aklink.de/wpak/systhema/#primaryimage"},"thumbnailUrl":"http://www.aklink.de/wpak/wp-content/uploads/2015/08/grafik-systhema-300x86.jpg","datePublished":"2015-08-02T18:25:38+00:00","dateModified":"2023-03-20T21:13:52+00:00","breadcrumb":{"@id":"http://www.aklink.de/wpak/systhema/#breadcrumb"},"inLanguage":"de","potentialAction":[{"@type":"ReadAction","target":["http://www.aklink.de/wpak/systhema/"]}]},{"@type":"ImageObject","inLanguage":"de","@id":"http://www.aklink.de/wpak/systhema/#primaryimage","url":"https://www.aklink.de/wpak/wp-content/uploads/2015/08/grafik-systhema.jpg","contentUrl":"https://www.aklink.de/wpak/wp-content/uploads/2015/08/grafik-systhema.jpg","width":405,"height":116},{"@type":"BreadcrumbList","@id":"http://www.aklink.de/wpak/systhema/#breadcrumb","itemListElement":[{"@type":"ListItem","position":1,"name":"Startseite","item":"http://www.aklink.de/wpak/"},{"@type":"ListItem","position":2,"name":"Systhema"}]},{"@type":"WebSite","@id":"http://www.aklink.de/wpak/#website","url":"http://www.aklink.de/wpak/","name":"Andreas Klink","description":"","publisher":{"@id":"http://www.aklink.de/wpak/#/schema/person/56e12f2c209b4947bd310bde790c9815"},"potentialAction":[{"@type":"SearchAction","target":{"@type":"EntryPoint","urlTemplate":"http://www.aklink.de/wpak/?s={search_term_string}"},"query-input":{"@type":"PropertyValueSpecification","valueRequired":true,"valueName":"search_term_string"}}],"inLanguage":"de"},{"@type":["Person","Organization"],"@id":"http://www.aklink.de/wpak/#/schema/person/56e12f2c209b4947bd310bde790c9815","name":"ak","logo":{"@id":"http://www.aklink.de/wpak/#/schema/person/image/"},"sameAs":["http://www.aklink.de"]}]}</script>
<!-- / Yoast SEO plugin. -->

Seit November 2014 habe ich die geschäftsführende Redaktion der Zeitschrift &#8222;Systhema&#8220; übernommen &#8211; bis 2016 vertretungsweise. Die Systhema wird seit 1987 vom Institut für Familientherapie Weinheim – Ausbildung und Entwicklung e.V. herausgegeben &#8211; bis Ende 2015 in Kooperation mit dem Institut für Familientherapie e.V. Weinheim. Zunächst in erster Linie als Mitgliederzeitschrift konzipiert, die ein Forum für fachliche Auseinandersetzungen bietet, entwickelte
