{"id":2171,"date":"2019-02-18T18:20:15","date_gmt":"2019-02-18T17:20:15","guid":{"rendered":"http:\/\/www.aklink.de\/wpak\/?page_id=2171"},"modified":"2022-09-27T23:39:57","modified_gmt":"2022-09-27T21:39:57","slug":"rezensionsexemplare","status":"publish","type":"page","link":"https:\/\/www.aklink.de\/wpak\/systhema\/rezensionsexemplare\/","title":{"rendered":"Rezensionsexemplare"},"content":{"rendered":"\n<p>In der systhema erscheinen regelm\u00e4ssig Rezensionen. <\/p>\n\n\n\n<p>Sie sind herzlich eingeladen Rezensionen \u00fcber (systemische) B\u00fccher zu schreiben, die Sie beeindruckt haben. <\/p>\n\n\n\n<p>Oder Sie entscheiden sich daf\u00fcr, \u00fcber ein Buch von der aktuellen Rezensionsliste zu schreiben. <\/p>\n\n\n\n<p>Rezensionsexemplare k\u00f6nnen Sie per eMail an andress.klink@if-weinheim.de bestellen. <\/p>\n\n\n\n<p>Die aktuelle Liste mit vorhandenen Rezensionsexemplaren finden Sie <a href=\"http:\/\/www.aklink.de\/wpak\/wp-content\/uploads\/2022\/09\/Rezensionsliste-Systhema-ab-2018.pdf\" target=\"_blank\" rel=\"noreferrer noopener\">hier<\/a>.<\/p>\n","protected":false},"excerpt":{"rendered":"<p>In der systhema erscheinen regelm\u00e4ssig Rezensionen. Sie sind herzlich eingeladen Rezensionen \u00fcber (systemische) B\u00fccher zu schreiben, die Sie beeindruckt haben. Oder Sie entscheiden sich daf\u00fcr, \u00fcber ein Buch von der aktuellen Rezensionsliste zu schreiben. Rezensionsexemplare k\u00f6nnen Sie per eMail an andress.klink@if-weinheim.de bestellen. Die aktuelle Liste mit vorhandenen Rezensionsexemplaren finden Sie hier.<\/p>\n","protected":false},"author":1,"featured_media":0,"parent":1823,"menu_order":1,"comment_status":"closed","ping_status":"closed","template":"","meta":{"footnotes":""},"class_list":["post-2171","page","type-page","status-publish","hentry"],"yoast_head":"<!-- This site is optimized with the Yoast SEO plugin v26.4 - https:\/\/yoast.com\/wordpress\/plugins\/seo\/ -->\n<title>Rezensionsexemplare | Andreas Klink<\/title>\n<meta name=\"robots\" content=\"index, follow, max-snippet:-1, max-image-preview:large, max-video-preview:-1\" \/>\n<link rel=\"canonical\" href=\"http:\/\/www.aklink.de\/wpak\/systhema\/rezensionsexemplare\/\" \/>\n<meta property=\"og:locale\" content=\"de_DE\" \/>\n<meta property=\"og:type\" content=\"article\" \/>\n<meta property=\"og:title\" content=\"Rezensionsexemplare | Andreas Klink\" \/>\n<meta property=\"og:description\" content=\"In der systhema erscheinen regelm\u00e4ssig Rezensionen. Sie sind herzlich eingeladen Rezensionen \u00fcber (systemische) B\u00fccher zu schreiben, die Sie beeindruckt haben. Oder Sie entscheiden sich daf\u00fcr, \u00fcber ein Buch von der aktuellen Rezensionsliste zu schreiben. Rezensionsexemplare k\u00f6nnen Sie per eMail an andress.klink@if-weinheim.de bestellen. Die aktuelle Liste mit vorhandenen Rezensionsexemplaren finden Sie hier.\" \/>\n<meta property=\"og:url\" content=\"http:\/\/www.aklink.de\/wpak\/systhema\/rezensionsexemplare\/\" \/>\n<meta property=\"og:site_name\" content=\"Andreas Klink\" \/>\n<meta property=\"article:modified_time\" content=\"2022-09-27T21:39:57+00:00\" \/>\n<meta name=\"twitter:card\" content=\"summary_large_image\" \/>\n<meta name=\"twitter:label1\" content=\"Gesch\u00e4tzte Lesezeit\" \/>\n\t<meta name=\"twitter:data1\" content=\"1\u00a0Minute\" \/>\n<script type=\"application\/ld+json\" class=\"yoast-schema-graph\">{\"@context\":\"https:\/\/schema.org\",\"@graph\":[{\"@type\":\"WebPage\",\"@id\":\"http:\/\/www.aklink.de\/wpak\/systhema\/rezensionsexemplare\/\",\"url\":\"http:\/\/www.aklink.de\/wpak\/systhema\/rezensionsexemplare\/\",\"name\":\"Rezensionsexemplare | Andreas Klink\",\"isPartOf\":{\"@id\":\"https:\/\/www.aklink.de\/wpak\/#website\"},\"datePublished\":\"2019-02-18T17:20:15+00:00\",\"dateModified\":\"2022-09-27T21:39:57+00:00\",\"breadcrumb\":{\"@id\":\"http:\/\/www.aklink.de\/wpak\/systhema\/rezensionsexemplare\/#breadcrumb\"},\"inLanguage\":\"de\",\"potentialAction\":[{\"@type\":\"ReadAction\",\"target\":[\"http:\/\/www.aklink.de\/wpak\/systhema\/rezensionsexemplare\/\"]}]},{\"@type\":\"BreadcrumbList\",\"@id\":\"http:\/\/www.aklink.de\/wpak\/systhema\/rezensionsexemplare\/#breadcrumb\",\"itemListElement\":[{\"@type\":\"ListItem\",\"position\":1,\"name\":\"Startseite\",\"item\":\"https:\/\/www.aklink.de\/wpak\/\"},{\"@type\":\"ListItem\",\"position\":2,\"name\":\"Systhema\",\"item\":\"http:\/\/www.aklink.de\/wpak\/systhema\/\"},{\"@type\":\"ListItem\",\"position\":3,\"name\":\"Rezensionsexemplare\"}]},{\"@type\":\"WebSite\",\"@id\":\"https:\/\/www.aklink.de\/wpak\/#website\",\"url\":\"https:\/\/www.aklink.de\/wpak\/\",\"name\":\"Andreas Klink\",\"description\":\"\",\"publisher\":{\"@id\":\"https:\/\/www.aklink.de\/wpak\/#\/schema\/person\/56e12f2c209b4947bd310bde790c9815\"},\"potentialAction\":[{\"@type\":\"SearchAction\",\"target\":{\"@type\":\"EntryPoint\",\"urlTemplate\":\"https:\/\/www.aklink.de\/wpak\/?s={search_term_string}\"},\"query-input\":{\"@type\":\"PropertyValueSpecification\",\"valueRequired\":true,\"valueName\":\"search_term_string\"}}],\"inLanguage\":\"de\"},{\"@type\":[\"Person\",\"Organization\"],\"@id\":\"https:\/\/www.aklink.de\/wpak\/#\/schema\/person\/56e12f2c209b4947bd310bde790c9815\",\"name\":\"ak\",\"logo\":{\"@id\":\"https:\/\/www.aklink.de\/wpak\/#\/schema\/person\/image\/\"},\"sameAs\":[\"http:\/\/www.aklink.de\"]}]}<\/script>\n<!-- \/ Yoast SEO plugin. -->","yoast_head_json":{"title":"Rezensionsexemplare | Andreas Klink","robots":{"index":"index","follow":"follow","max-snippet":"max-snippet:-1","max-image-preview":"max-image-preview:large","max-video-preview":"max-video-preview:-1"},"canonical":"http:\/\/www.aklink.de\/wpak\/systhema\/rezensionsexemplare\/","og_locale":"de_DE","og_type":"article","og_title":"Rezensionsexemplare | Andreas Klink","og_description":"In der systhema erscheinen regelm\u00e4ssig Rezensionen. Sie sind herzlich eingeladen Rezensionen \u00fcber (systemische) B\u00fccher zu schreiben, die Sie beeindruckt haben. Oder Sie entscheiden sich daf\u00fcr, \u00fcber ein Buch von der aktuellen Rezensionsliste zu schreiben. Rezensionsexemplare k\u00f6nnen Sie per eMail an andress.klink@if-weinheim.de bestellen. Die aktuelle Liste mit vorhandenen Rezensionsexemplaren finden Sie hier.","og_url":"http:\/\/www.aklink.de\/wpak\/systhema\/rezensionsexemplare\/","og_site_name":"Andreas Klink","article_modified_time":"2022-09-27T21:39:57+00:00","twitter_card":"summary_large_image","twitter_misc":{"Gesch\u00e4tzte Lesezeit":"1\u00a0Minute"},"schema":{"@context":"https:\/\/schema.org","@graph":[{"@type":"WebPage","@id":"http:\/\/www.aklink.de\/wpak\/systhema\/rezensionsexemplare\/","url":"http:\/\/www.aklink.de\/wpak\/systhema\/rezensionsexemplare\/","name":"Rezensionsexemplare | Andreas Klink","isPartOf":{"@id":"https:\/\/www.aklink.de\/wpak\/#website"},"datePublished":"2019-02-18T17:20:15+00:00","dateModified":"2022-09-27T21:39:57+00:00","breadcrumb":{"@id":"http:\/\/www.aklink.de\/wpak\/systhema\/rezensionsexemplare\/#breadcrumb"},"inLanguage":"de","potentialAction":[{"@type":"ReadAction","target":["http:\/\/www.aklink.de\/wpak\/systhema\/rezensionsexemplare\/"]}]},{"@type":"BreadcrumbList","@id":"http:\/\/www.aklink.de\/wpak\/systhema\/rezensionsexemplare\/#breadcrumb","itemListElement":[{"@type":"ListItem","position":1,"name":"Startseite","item":"https:\/\/www.aklink.de\/wpak\/"},{"@type":"ListItem","position":2,"name":"Systhema","item":"http:\/\/www.aklink.de\/wpak\/systhema\/"},{"@type":"ListItem","position":3,"name":"Rezensionsexemplare"}]},{"@type":"WebSite","@id":"https:\/\/www.aklink.de\/wpak\/#website","url":"https:\/\/www.aklink.de\/wpak\/","name":"Andreas Klink","description":"","publisher":{"@id":"https:\/\/www.aklink.de\/wpak\/#\/schema\/person\/56e12f2c209b4947bd310bde790c9815"},"potentialAction":[{"@type":"SearchAction","target":{"@type":"EntryPoint","urlTemplate":"https:\/\/www.aklink.de\/wpak\/?s={search_term_string}"},"query-input":{"@type":"PropertyValueSpecification","valueRequired":true,"valueName":"search_term_string"}}],"inLanguage":"de"},{"@type":["Person","Organization"],"@id":"https:\/\/www.aklink.de\/wpak\/#\/schema\/person\/56e12f2c209b4947bd310bde790c9815","name":"ak","logo":{"@id":"https:\/\/www.aklink.de\/wpak\/#\/schema\/person\/image\/"},"sameAs":["http:\/\/www.aklink.de"]}]}},"_links":{"self":[{"href":"https:\/\/www.aklink.de\/wpak\/wp-json\/wp\/v2\/pages\/2171","targetHints":{"allow":["GET"]}}],"collection":[{"href":"https:\/\/www.aklink.de\/wpak\/wp-json\/wp\/v2\/pages"}],"about":[{"href":"https:\/\/www.aklink.de\/wpak\/wp-json\/wp\/v2\/types\/page"}],"author":[{"embeddable":true,"href":"https:\/\/www.aklink.de\/wpak\/wp-json\/wp\/v2\/users\/1"}],"replies":[{"embeddable":true,"href":"https:\/\/www.aklink.de\/wpak\/wp-json\/wp\/v2\/comments?post=2171"}],"version-history":[{"count":5,"href":"https:\/\/www.aklink.de\/wpak\/wp-json\/wp\/v2\/pages\/2171\/revisions"}],"predecessor-version":[{"id":2651,"href":"https:\/\/www.aklink.de\/wpak\/wp-json\/wp\/v2\/pages\/2171\/revisions\/2651"}],"up":[{"embeddable":true,"href":"https:\/\/www.aklink.de\/wpak\/wp-json\/wp\/v2\/pages\/1823"}],"wp:attachment":[{"href":"https:\/\/www.aklink.de\/wpak\/wp-json\/wp\/v2\/media?parent=2171"}],"curies":[{"name":"wp","href":"https:\/\/api.w.org\/{rel}","templated":true}]}}