{"id":2226,"date":"2019-07-04T23:40:54","date_gmt":"2019-07-04T21:40:54","guid":{"rendered":"http:\/\/www.aklink.de\/wpak\/?page_id=2226"},"modified":"2025-11-29T22:58:15","modified_gmt":"2025-11-29T21:58:15","slug":"seminare-im-if-weinheim","status":"publish","type":"page","link":"https:\/\/www.aklink.de\/wpak\/fortbildungen-und-veranstaltungen\/seminare-im-if-weinheim\/","title":{"rendered":"Seminare im IF Weinheim"},"content":{"rendered":"\n<p><\/p>\n\n\n\n<p>&#8230;<\/p>\n\n\n\n<p><\/p>\n\n\n\n<p class=\"has-background\" style=\"background-color:#fff27c\"><strong>17.  &#8211; 20.  Februar 2025<\/strong><br>SYSTEMISCHE KOMPETENZEN II &#8211; BEOBACHTENDE SYSTEME<br>In diesem Seminar werden systemische Methoden vorgestellt, die sich aus Systemtheorien in Verbindung mit dem Konstruktivismus beschreiben lassen und die heute mit dem Begriff der Kybernetik 2. Ordnung in Verbindung gebracht werden. Hier konzentriert sich die Aufmerksamkeit auf die Interaktion zwischen Beobachter und beobachtetem System (beobachtende Systeme). In der systemischen Praxis wird die Rolle des Beraters und Therapeuten und sein Einfluss auf das beobachtete System in den Prozessverlauf mit einbezogen. Inhalte: Konstruktivismus (von Foerster, Watzlawick), Autopoiese (Maturana, Varela), Reflecting Team (Andersen), Narrative Ans\u00e4tze (White, Anderson und Goolishian), L\u00f6sungsorientierter Ansatz (de Shazer, Kim Berg). Das Seminar bietet Gelegenheit, die aus den verschiedenen Ans\u00e4tzen und Theorien abgeleiteten Methoden praktisch einzu\u00fcben.<br>Ort: J\u00fclich<br>Buchung \u00fcber IF Weinheim \u2013 www.if-weinheim.de &#8211; eMail: info@if-weinheim.de &#8211; Tel. 06201 845008-0<br><\/p>\n\n\n\n<p>&#8230;<\/p>\n\n\n\n<p class=\"has-background\" style=\"background-color:#7aff85\"><strong>18.  &#8211; 21.  M\u00e4rz 2025<\/strong><br>SYSTEMISCHE KOMPETENZEN I &#8211; BEOBACHTETE SYSTEME<br>In diesem Seminar werden Ans\u00e4tze und Methoden der Systemerkennung und System\u00adbeobachtung vorgestellt, die unterschiedliche Str\u00f6mungen der Familientherapie repr\u00e4sentieren und heute im Begriff der Kybernetik 1. Ordnung zusammengefasst werden. Hier geht man davon aus, dass Systeme (z. B. Familie, Team, Organisation) objektiv und beobachterunabh\u00e4ngig beschreibbar sowie von au\u00dfen steuerbar sind (beobachtete Systeme). Inhalte: Mehrgenerationale Familientherapie (Boszormenyi-Nagy, Stierlin), Entwicklungsorientierte Familientherapie (Satir), Strukturelle Familientherapie (Minuchin), Strategische Familientherapie (Haley), Mail\u00e4nder Modell (Selvini Palazzoli et al.). Das Seminar bietet Gelegenheit, die aus den verschiedenen Ans\u00e4tzen entwickelten Metho\u00adden praktisch einzu\u00fcben.<br>Ort: Hamm<br>Buchung \u00fcber IF Weinheim \u2013 www.if-weinheim.de &#8211; eMail: info@if-weinheim.de &#8211; Tel. 06201 845008-0<br><\/p>\n\n\n\n<p>&#8230;<\/p>\n\n\n\n<p class=\"has-background\" style=\"background-color:#fff27c\"><strong>ab September 2025<\/strong><br>Ausbildung systemische Beratung (mit Eva Kaiser-Nolden)<br>Inhalte: Beratungsausbildung im Rahmen einer festen Ausbildungsgruppe \u00fcber 2 Jahre.<br>Ort:  Valendar<br>Buchung \u00fcber IF Weinheim \u2013 www.if-weinheim.de  &#8211; eMail: info@if-weinheim.de &#8211; Tel. 06201 845008-0<br>   <\/p>\n\n\n\n<p>&#8230;<\/p>\n\n\n\n<p class=\"has-background\" style=\"background-color:#7aff85\"><strong>24.  &#8211; 27. November 2025<\/strong><br>VERTIEFUNGSSEMINAR: ABSCHLUSS \u2013 ABSCHIED \u2013 AUSBLICK<br>Inhalte: Beendigung von Beratungssettings, Kontrakte  &#8211;  eigene Abschiedsmuster und -erfahrungen und die der Klient*innen\/Kund*innen  &#8211;  Einsatz zirkul\u00e4rer und hypothetischer Fragen, Abschlussfragen  &#8211;  Rituale zu Abschluss, \u00dcberg\u00e4ngen, Integration und Abschied  &#8211;  Abschlussinterventionen, Abschlusskommentare  &#8211;  ein systemischer Blick auf Trauer und die Auseinandersetzung mit Sterben und Tod  &#8211;  pers\u00f6nliche Standortbestimmung, Bilanzierung und Ausblick. <br>Ort: Hamm<br>Buchung \u00fcber IF Weinheim \u2013 www.if-weinheim.de &#8211; eMail: info@if-weinheim.de &#8211; Tel. 06201 845008-0<br><\/p>\n\n\n\n<p>&#8230;<\/p>\n","protected":false},"excerpt":{"rendered":"<p>&#8230; 17. &#8211; 20. Februar 2025SYSTEMISCHE KOMPETENZEN II &#8211; BEOBACHTENDE SYSTEMEIn diesem Seminar werden systemische Methoden vorgestellt, die sich aus Systemtheorien in Verbindung mit dem Konstruktivismus beschreiben lassen und die heute mit dem Begriff der Kybernetik 2. Ordnung in Verbindung gebracht werden. Hier konzentriert sich die Aufmerksamkeit auf die Interaktion zwischen Beobachter und beobachtetem System (beobachtende Systeme). In der systemischen<\/p>\n","protected":false},"author":1,"featured_media":0,"parent":1760,"menu_order":1,"comment_status":"closed","ping_status":"closed","template":"","meta":{"footnotes":""},"class_list":["post-2226","page","type-page","status-publish","hentry"],"yoast_head":"<!-- This site is optimized with the Yoast SEO plugin v26.4 - https:\/\/yoast.com\/wordpress\/plugins\/seo\/ -->\n<title>Seminare im IF Weinheim | Andreas Klink<\/title>\n<meta name=\"robots\" content=\"index, follow, max-snippet:-1, max-image-preview:large, max-video-preview:-1\" \/>\n<link rel=\"canonical\" href=\"http:\/\/www.aklink.de\/wpak\/fortbildungen-und-veranstaltungen\/seminare-im-if-weinheim\/\" \/>\n<meta property=\"og:locale\" content=\"de_DE\" \/>\n<meta property=\"og:type\" content=\"article\" \/>\n<meta property=\"og:title\" content=\"Seminare im IF Weinheim | Andreas Klink\" \/>\n<meta property=\"og:description\" content=\"&#8230; 17. &#8211; 20. Februar 2025SYSTEMISCHE KOMPETENZEN II &#8211; BEOBACHTENDE SYSTEMEIn diesem Seminar werden systemische Methoden vorgestellt, die sich aus Systemtheorien in Verbindung mit dem Konstruktivismus beschreiben lassen und die heute mit dem Begriff der Kybernetik 2. Ordnung in Verbindung gebracht werden. Hier konzentriert sich die Aufmerksamkeit auf die Interaktion zwischen Beobachter und beobachtetem System (beobachtende Systeme). In der systemischen\" \/>\n<meta property=\"og:url\" content=\"http:\/\/www.aklink.de\/wpak\/fortbildungen-und-veranstaltungen\/seminare-im-if-weinheim\/\" \/>\n<meta property=\"og:site_name\" content=\"Andreas Klink\" \/>\n<meta property=\"article:modified_time\" content=\"2025-11-29T21:58:15+00:00\" \/>\n<meta name=\"twitter:card\" content=\"summary_large_image\" \/>\n<meta name=\"twitter:label1\" content=\"Gesch\u00e4tzte Lesezeit\" \/>\n\t<meta name=\"twitter:data1\" content=\"2\u00a0Minuten\" \/>\n<script type=\"application\/ld+json\" class=\"yoast-schema-graph\">{\"@context\":\"https:\/\/schema.org\",\"@graph\":[{\"@type\":\"WebPage\",\"@id\":\"http:\/\/www.aklink.de\/wpak\/fortbildungen-und-veranstaltungen\/seminare-im-if-weinheim\/\",\"url\":\"http:\/\/www.aklink.de\/wpak\/fortbildungen-und-veranstaltungen\/seminare-im-if-weinheim\/\",\"name\":\"Seminare im IF Weinheim | Andreas Klink\",\"isPartOf\":{\"@id\":\"https:\/\/www.aklink.de\/wpak\/#website\"},\"datePublished\":\"2019-07-04T21:40:54+00:00\",\"dateModified\":\"2025-11-29T21:58:15+00:00\",\"breadcrumb\":{\"@id\":\"http:\/\/www.aklink.de\/wpak\/fortbildungen-und-veranstaltungen\/seminare-im-if-weinheim\/#breadcrumb\"},\"inLanguage\":\"de\",\"potentialAction\":[{\"@type\":\"ReadAction\",\"target\":[\"http:\/\/www.aklink.de\/wpak\/fortbildungen-und-veranstaltungen\/seminare-im-if-weinheim\/\"]}]},{\"@type\":\"BreadcrumbList\",\"@id\":\"http:\/\/www.aklink.de\/wpak\/fortbildungen-und-veranstaltungen\/seminare-im-if-weinheim\/#breadcrumb\",\"itemListElement\":[{\"@type\":\"ListItem\",\"position\":1,\"name\":\"Startseite\",\"item\":\"https:\/\/www.aklink.de\/wpak\/\"},{\"@type\":\"ListItem\",\"position\":2,\"name\":\"Fortbildungen\",\"item\":\"https:\/\/www.aklink.de\/wpak\/fortbildungen-und-veranstaltungen\/\"},{\"@type\":\"ListItem\",\"position\":3,\"name\":\"Seminare im IF Weinheim\"}]},{\"@type\":\"WebSite\",\"@id\":\"https:\/\/www.aklink.de\/wpak\/#website\",\"url\":\"https:\/\/www.aklink.de\/wpak\/\",\"name\":\"Andreas Klink\",\"description\":\"\",\"publisher\":{\"@id\":\"https:\/\/www.aklink.de\/wpak\/#\/schema\/person\/56e12f2c209b4947bd310bde790c9815\"},\"potentialAction\":[{\"@type\":\"SearchAction\",\"target\":{\"@type\":\"EntryPoint\",\"urlTemplate\":\"https:\/\/www.aklink.de\/wpak\/?s={search_term_string}\"},\"query-input\":{\"@type\":\"PropertyValueSpecification\",\"valueRequired\":true,\"valueName\":\"search_term_string\"}}],\"inLanguage\":\"de\"},{\"@type\":[\"Person\",\"Organization\"],\"@id\":\"https:\/\/www.aklink.de\/wpak\/#\/schema\/person\/56e12f2c209b4947bd310bde790c9815\",\"name\":\"ak\",\"logo\":{\"@id\":\"https:\/\/www.aklink.de\/wpak\/#\/schema\/person\/image\/\"},\"sameAs\":[\"http:\/\/www.aklink.de\"]}]}<\/script>\n<!-- \/ Yoast SEO plugin. -->","yoast_head_json":{"title":"Seminare im IF Weinheim | Andreas Klink","robots":{"index":"index","follow":"follow","max-snippet":"max-snippet:-1","max-image-preview":"max-image-preview:large","max-video-preview":"max-video-preview:-1"},"canonical":"http:\/\/www.aklink.de\/wpak\/fortbildungen-und-veranstaltungen\/seminare-im-if-weinheim\/","og_locale":"de_DE","og_type":"article","og_title":"Seminare im IF Weinheim | Andreas Klink","og_description":"&#8230; 17. &#8211; 20. Februar 2025SYSTEMISCHE KOMPETENZEN II &#8211; BEOBACHTENDE SYSTEMEIn diesem Seminar werden systemische Methoden vorgestellt, die sich aus Systemtheorien in Verbindung mit dem Konstruktivismus beschreiben lassen und die heute mit dem Begriff der Kybernetik 2. Ordnung in Verbindung gebracht werden. Hier konzentriert sich die Aufmerksamkeit auf die Interaktion zwischen Beobachter und beobachtetem System (beobachtende Systeme). In der systemischen","og_url":"http:\/\/www.aklink.de\/wpak\/fortbildungen-und-veranstaltungen\/seminare-im-if-weinheim\/","og_site_name":"Andreas Klink","article_modified_time":"2025-11-29T21:58:15+00:00","twitter_card":"summary_large_image","twitter_misc":{"Gesch\u00e4tzte Lesezeit":"2\u00a0Minuten"},"schema":{"@context":"https:\/\/schema.org","@graph":[{"@type":"WebPage","@id":"http:\/\/www.aklink.de\/wpak\/fortbildungen-und-veranstaltungen\/seminare-im-if-weinheim\/","url":"http:\/\/www.aklink.de\/wpak\/fortbildungen-und-veranstaltungen\/seminare-im-if-weinheim\/","name":"Seminare im IF Weinheim | Andreas Klink","isPartOf":{"@id":"https:\/\/www.aklink.de\/wpak\/#website"},"datePublished":"2019-07-04T21:40:54+00:00","dateModified":"2025-11-29T21:58:15+00:00","breadcrumb":{"@id":"http:\/\/www.aklink.de\/wpak\/fortbildungen-und-veranstaltungen\/seminare-im-if-weinheim\/#breadcrumb"},"inLanguage":"de","potentialAction":[{"@type":"ReadAction","target":["http:\/\/www.aklink.de\/wpak\/fortbildungen-und-veranstaltungen\/seminare-im-if-weinheim\/"]}]},{"@type":"BreadcrumbList","@id":"http:\/\/www.aklink.de\/wpak\/fortbildungen-und-veranstaltungen\/seminare-im-if-weinheim\/#breadcrumb","itemListElement":[{"@type":"ListItem","position":1,"name":"Startseite","item":"https:\/\/www.aklink.de\/wpak\/"},{"@type":"ListItem","position":2,"name":"Fortbildungen","item":"https:\/\/www.aklink.de\/wpak\/fortbildungen-und-veranstaltungen\/"},{"@type":"ListItem","position":3,"name":"Seminare im IF Weinheim"}]},{"@type":"WebSite","@id":"https:\/\/www.aklink.de\/wpak\/#website","url":"https:\/\/www.aklink.de\/wpak\/","name":"Andreas Klink","description":"","publisher":{"@id":"https:\/\/www.aklink.de\/wpak\/#\/schema\/person\/56e12f2c209b4947bd310bde790c9815"},"potentialAction":[{"@type":"SearchAction","target":{"@type":"EntryPoint","urlTemplate":"https:\/\/www.aklink.de\/wpak\/?s={search_term_string}"},"query-input":{"@type":"PropertyValueSpecification","valueRequired":true,"valueName":"search_term_string"}}],"inLanguage":"de"},{"@type":["Person","Organization"],"@id":"https:\/\/www.aklink.de\/wpak\/#\/schema\/person\/56e12f2c209b4947bd310bde790c9815","name":"ak","logo":{"@id":"https:\/\/www.aklink.de\/wpak\/#\/schema\/person\/image\/"},"sameAs":["http:\/\/www.aklink.de"]}]}},"_links":{"self":[{"href":"https:\/\/www.aklink.de\/wpak\/wp-json\/wp\/v2\/pages\/2226","targetHints":{"allow":["GET"]}}],"collection":[{"href":"https:\/\/www.aklink.de\/wpak\/wp-json\/wp\/v2\/pages"}],"about":[{"href":"https:\/\/www.aklink.de\/wpak\/wp-json\/wp\/v2\/types\/page"}],"author":[{"embeddable":true,"href":"https:\/\/www.aklink.de\/wpak\/wp-json\/wp\/v2\/users\/1"}],"replies":[{"embeddable":true,"href":"https:\/\/www.aklink.de\/wpak\/wp-json\/wp\/v2\/comments?post=2226"}],"version-history":[{"count":76,"href":"https:\/\/www.aklink.de\/wpak\/wp-json\/wp\/v2\/pages\/2226\/revisions"}],"predecessor-version":[{"id":2891,"href":"https:\/\/www.aklink.de\/wpak\/wp-json\/wp\/v2\/pages\/2226\/revisions\/2891"}],"up":[{"embeddable":true,"href":"https:\/\/www.aklink.de\/wpak\/wp-json\/wp\/v2\/pages\/1760"}],"wp:attachment":[{"href":"https:\/\/www.aklink.de\/wpak\/wp-json\/wp\/v2\/media?parent=2226"}],"curies":[{"name":"wp","href":"https:\/\/api.w.org\/{rel}","templated":true}]}}

<p></p>



<p>&#8230;</p>



<p></p>



<p class="has-background" style="background-color:#fff27c"><strong>17.  &#8211; 20.  Februar 2025</strong><br>SYSTEMISCHE KOMPETENZEN II &#8211; BEOBACHTENDE SYSTEME<br>In diesem Seminar werden systemische Methoden vorgestellt, die sich aus Systemtheorien in Verbindung mit dem Konstruktivismus beschreiben lassen und die heute mit dem Begriff der Kybernetik 2. Ordnung in Verbindung gebracht werden. Hier konzentriert sich die Aufmerksamkeit auf die Interaktion zwischen Beobachter und beobachtetem System (beobachtende Systeme). In der systemischen Praxis wird die Rolle des Beraters und Therapeuten und sein Einfluss auf das beobachtete System in den Prozessverlauf mit einbezogen. Inhalte: Konstruktivismus (von Foerster, Watzlawick), Autopoiese (Maturana, Varela), Reflecting Team (Andersen), Narrative Ansätze (White, Anderson und Goolishian), Lösungsorientierter Ansatz (de Shazer, Kim Berg). Das Seminar bietet Gelegenheit, die aus den verschiedenen Ansätzen und Theorien abgeleiteten Methoden praktisch einzuüben.<br>Ort: Jülich<br>Buchung über IF Weinheim – www.if-weinheim.de &#8211; eMail: info@if-weinheim.de &#8211; Tel. 06201 845008-0<br></p>



<p>&#8230;</p>



<p class="has-background" style="background-color:#7aff85"><strong>18.  &#8211; 21.  März 2025</strong><br>SYSTEMISCHE KOMPETENZEN I &#8211; BEOBACHTETE SYSTEME<br>In diesem Seminar werden Ansätze und Methoden der Systemerkennung und System­beobachtung vorgestellt, die unterschiedliche Strömungen der Familientherapie repräsentieren und heute im Begriff der Kybernetik 1. Ordnung zusammengefasst werden. Hier geht man davon aus, dass Systeme (z. B. Familie, Team, Organisation) objektiv und beobachterunabhängig beschreibbar sowie von außen steuerbar sind (beobachtete Systeme). Inhalte: Mehrgenerationale Familientherapie (Boszormenyi-Nagy, Stierlin), Entwicklungsorientierte Familientherapie (Satir), Strukturelle Familientherapie (Minuchin), Strategische Familientherapie (Haley), Mailänder Modell (Selvini Palazzoli et al.). Das Seminar bietet Gelegenheit, die aus den verschiedenen Ansätzen entwickelten Metho­den praktisch einzuüben.<br>Ort: Hamm<br>Buchung über IF Weinheim – www.if-weinheim.de &#8211; eMail: info@if-weinheim.de &#8211; Tel. 06201 845008-0<br></p>



<p>&#8230;</p>



<p class="has-background" style="background-color:#fff27c"><strong>ab September 2025</strong><br>Ausbildung systemische Beratung (mit Eva Kaiser-Nolden)<br>Inhalte: Beratungsausbildung im Rahmen einer festen Ausbildungsgruppe über 2 Jahre.<br>Ort:  Valendar<br>Buchung über IF Weinheim – www.if-weinheim.de  &#8211; eMail: info@if-weinheim.de &#8211; Tel. 06201 845008-0<br>   </p>



<p>&#8230;</p>



<p class="has-background" style="background-color:#7aff85"><strong>24.  &#8211; 27. November 2025</strong><br>VERTIEFUNGSSEMINAR: ABSCHLUSS – ABSCHIED – AUSBLICK<br>Inhalte: Beendigung von Beratungssettings, Kontrakte  &#8211;  eigene Abschiedsmuster und -erfahrungen und die der Klient*innen/Kund*innen  &#8211;  Einsatz zirkulärer und hypothetischer Fragen, Abschlussfragen  &#8211;  Rituale zu Abschluss, Übergängen, Integration und Abschied  &#8211;  Abschlussinterventionen, Abschlusskommentare  &#8211;  ein systemischer Blick auf Trauer und die Auseinandersetzung mit Sterben und Tod  &#8211;  persönliche Standortbestimmung, Bilanzierung und Ausblick. <br>Ort: Hamm<br>Buchung über IF Weinheim – www.if-weinheim.de &#8211; eMail: info@if-weinheim.de &#8211; Tel. 06201 845008-0<br></p>



<p>&#8230;</p>

<!-- This site is optimized with the Yoast SEO plugin v26.4 - https://yoast.com/wordpress/plugins/seo/ -->
<title>Seminare im IF Weinheim | Andreas Klink</title>
<meta name="robots" content="index, follow, max-snippet:-1, max-image-preview:large, max-video-preview:-1" />
<link rel="canonical" href="http://www.aklink.de/wpak/fortbildungen-und-veranstaltungen/seminare-im-if-weinheim/" />
<meta property="og:locale" content="de_DE" />
<meta property="og:type" content="article" />
<meta property="og:title" content="Seminare im IF Weinheim | Andreas Klink" />
<meta property="og:description" content="&#8230; 17. &#8211; 20. Februar 2025SYSTEMISCHE KOMPETENZEN II &#8211; BEOBACHTENDE SYSTEMEIn diesem Seminar werden systemische Methoden vorgestellt, die sich aus Systemtheorien in Verbindung mit dem Konstruktivismus beschreiben lassen und die heute mit dem Begriff der Kybernetik 2. Ordnung in Verbindung gebracht werden. Hier konzentriert sich die Aufmerksamkeit auf die Interaktion zwischen Beobachter und beobachtetem System (beobachtende Systeme). In der systemischen" />
<meta property="og:url" content="http://www.aklink.de/wpak/fortbildungen-und-veranstaltungen/seminare-im-if-weinheim/" />
<meta property="og:site_name" content="Andreas Klink" />
<meta property="article:modified_time" content="2025-11-29T21:58:15+00:00" />
<meta name="twitter:card" content="summary_large_image" />
<meta name="twitter:label1" content="Geschätzte Lesezeit" />
	<meta name="twitter:data1" content="2 Minuten" />
<script type="application/ld+json" class="yoast-schema-graph">{"@context":"https://schema.org","@graph":[{"@type":"WebPage","@id":"http://www.aklink.de/wpak/fortbildungen-und-veranstaltungen/seminare-im-if-weinheim/","url":"http://www.aklink.de/wpak/fortbildungen-und-veranstaltungen/seminare-im-if-weinheim/","name":"Seminare im IF Weinheim | Andreas Klink","isPartOf":{"@id":"https://www.aklink.de/wpak/#website"},"datePublished":"2019-07-04T21:40:54+00:00","dateModified":"2025-11-29T21:58:15+00:00","breadcrumb":{"@id":"http://www.aklink.de/wpak/fortbildungen-und-veranstaltungen/seminare-im-if-weinheim/#breadcrumb"},"inLanguage":"de","potentialAction":[{"@type":"ReadAction","target":["http://www.aklink.de/wpak/fortbildungen-und-veranstaltungen/seminare-im-if-weinheim/"]}]},{"@type":"BreadcrumbList","@id":"http://www.aklink.de/wpak/fortbildungen-und-veranstaltungen/seminare-im-if-weinheim/#breadcrumb","itemListElement":[{"@type":"ListItem","position":1,"name":"Startseite","item":"https://www.aklink.de/wpak/"},{"@type":"ListItem","position":2,"name":"Fortbildungen","item":"https://www.aklink.de/wpak/fortbildungen-und-veranstaltungen/"},{"@type":"ListItem","position":3,"name":"Seminare im IF Weinheim"}]},{"@type":"WebSite","@id":"https://www.aklink.de/wpak/#website","url":"https://www.aklink.de/wpak/","name":"Andreas Klink","description":"","publisher":{"@id":"https://www.aklink.de/wpak/#/schema/person/56e12f2c209b4947bd310bde790c9815"},"potentialAction":[{"@type":"SearchAction","target":{"@type":"EntryPoint","urlTemplate":"https://www.aklink.de/wpak/?s={search_term_string}"},"query-input":{"@type":"PropertyValueSpecification","valueRequired":true,"valueName":"search_term_string"}}],"inLanguage":"de"},{"@type":["Person","Organization"],"@id":"https://www.aklink.de/wpak/#/schema/person/56e12f2c209b4947bd310bde790c9815","name":"ak","logo":{"@id":"https://www.aklink.de/wpak/#/schema/person/image/"},"sameAs":["http://www.aklink.de"]}]}</script>
<!-- / Yoast SEO plugin. -->
