{"id":41,"date":"2011-04-23T23:17:50","date_gmt":"2011-04-23T23:17:50","guid":{"rendered":"http:\/\/www.aklink.de\/wpak\/?page_id=41"},"modified":"2012-07-23T21:25:00","modified_gmt":"2012-07-23T21:25:00","slug":"gruppen-und-teams","status":"publish","type":"page","link":"https:\/\/www.aklink.de\/wpak\/systemische-beratung\/gruppen-und-teams\/","title":{"rendered":"Gruppen und Teams"},"content":{"rendered":"<p>Beruflich und privat verbringen wir Zeit in unterschiedlichsten Gruppen und Teams. Hier erleben wir Kooperation und Konflikt, Stabilit\u00e4t und Ver\u00e4nderung, Freude und Leid, Macht und Ohmacht, Unterst\u00fctzung und Kritik. Strukturen von Teams und Rollen der Teammitglieder k\u00f6nnen sich \u00e4ndern, k\u00f6nnen verwischen oder auch \u00fcber l\u00e4ngere Zeit zu stabil bleiben. Abrupte Ver\u00e4nderungen k\u00f6nnen den Wunsch nach mehr Stabilit\u00e4t ausl\u00f6sen, stabile Teamstrukturen k\u00f6nnen den Wunsch nach Ver\u00e4nderung ausl\u00f6sen.<\/p>\n<p>Als Diplom-Psychologe und Systemischer Therapeut und Berater biete ich Ihnen professionelle Unterst\u00fctzung bei Konflikten, Entwicklungsprozessen und Ver\u00e4nderungen in Teams und Gruppen.<\/p>\n<p>&nbsp;<\/p>\n","protected":false},"excerpt":{"rendered":"<p>Beruflich und privat verbringen wir Zeit in unterschiedlichsten Gruppen und Teams. Hier erleben wir Kooperation und Konflikt, Stabilit\u00e4t und Ver\u00e4nderung, Freude und Leid, Macht und Ohmacht, Unterst\u00fctzung und Kritik. Strukturen von Teams und Rollen der Teammitglieder k\u00f6nnen sich \u00e4ndern, k\u00f6nnen verwischen oder auch \u00fcber l\u00e4ngere Zeit zu stabil bleiben. Abrupte Ver\u00e4nderungen k\u00f6nnen den Wunsch nach mehr Stabilit\u00e4t ausl\u00f6sen, stabile Teamstrukturen<\/p>\n","protected":false},"author":1,"featured_media":0,"parent":28,"menu_order":4,"comment_status":"closed","ping_status":"open","template":"","meta":{"footnotes":""},"class_list":["post-41","page","type-page","status-publish","hentry"],"yoast_head":"<!-- This site is optimized with the Yoast SEO plugin v26.4 - https:\/\/yoast.com\/wordpress\/plugins\/seo\/ -->\n<title>Gruppen und Teams | Andreas Klink<\/title>\n<meta name=\"robots\" content=\"index, follow, max-snippet:-1, max-image-preview:large, max-video-preview:-1\" \/>\n<link rel=\"canonical\" href=\"http:\/\/www.aklink.de\/wpak\/systemische-beratung\/gruppen-und-teams\/\" \/>\n<meta property=\"og:locale\" content=\"de_DE\" \/>\n<meta property=\"og:type\" content=\"article\" \/>\n<meta property=\"og:title\" content=\"Gruppen und Teams | Andreas Klink\" \/>\n<meta property=\"og:description\" content=\"Beruflich und privat verbringen wir Zeit in unterschiedlichsten Gruppen und Teams. Hier erleben wir Kooperation und Konflikt, Stabilit\u00e4t und Ver\u00e4nderung, Freude und Leid, Macht und Ohmacht, Unterst\u00fctzung und Kritik. Strukturen von Teams und Rollen der Teammitglieder k\u00f6nnen sich \u00e4ndern, k\u00f6nnen verwischen oder auch \u00fcber l\u00e4ngere Zeit zu stabil bleiben. Abrupte Ver\u00e4nderungen k\u00f6nnen den Wunsch nach mehr Stabilit\u00e4t ausl\u00f6sen, stabile Teamstrukturen\" \/>\n<meta property=\"og:url\" content=\"http:\/\/www.aklink.de\/wpak\/systemische-beratung\/gruppen-und-teams\/\" \/>\n<meta property=\"og:site_name\" content=\"Andreas Klink\" \/>\n<meta property=\"article:modified_time\" content=\"2012-07-23T21:25:00+00:00\" \/>\n<meta name=\"twitter:card\" content=\"summary_large_image\" \/>\n<meta name=\"twitter:label1\" content=\"Gesch\u00e4tzte Lesezeit\" \/>\n\t<meta name=\"twitter:data1\" content=\"1\u00a0Minute\" \/>\n<script type=\"application\/ld+json\" class=\"yoast-schema-graph\">{\"@context\":\"https:\/\/schema.org\",\"@graph\":[{\"@type\":\"WebPage\",\"@id\":\"http:\/\/www.aklink.de\/wpak\/systemische-beratung\/gruppen-und-teams\/\",\"url\":\"http:\/\/www.aklink.de\/wpak\/systemische-beratung\/gruppen-und-teams\/\",\"name\":\"Gruppen und Teams | Andreas Klink\",\"isPartOf\":{\"@id\":\"http:\/\/www.aklink.de\/wpak\/#website\"},\"datePublished\":\"2011-04-23T23:17:50+00:00\",\"dateModified\":\"2012-07-23T21:25:00+00:00\",\"breadcrumb\":{\"@id\":\"http:\/\/www.aklink.de\/wpak\/systemische-beratung\/gruppen-und-teams\/#breadcrumb\"},\"inLanguage\":\"de\",\"potentialAction\":[{\"@type\":\"ReadAction\",\"target\":[\"http:\/\/www.aklink.de\/wpak\/systemische-beratung\/gruppen-und-teams\/\"]}]},{\"@type\":\"BreadcrumbList\",\"@id\":\"http:\/\/www.aklink.de\/wpak\/systemische-beratung\/gruppen-und-teams\/#breadcrumb\",\"itemListElement\":[{\"@type\":\"ListItem\",\"position\":1,\"name\":\"Startseite\",\"item\":\"http:\/\/www.aklink.de\/wpak\/\"},{\"@type\":\"ListItem\",\"position\":2,\"name\":\"Therapie und Beratung\",\"item\":\"http:\/\/www.aklink.de\/wpak\/systemische-beratung\/\"},{\"@type\":\"ListItem\",\"position\":3,\"name\":\"Gruppen und Teams\"}]},{\"@type\":\"WebSite\",\"@id\":\"http:\/\/www.aklink.de\/wpak\/#website\",\"url\":\"http:\/\/www.aklink.de\/wpak\/\",\"name\":\"Andreas Klink\",\"description\":\"\",\"publisher\":{\"@id\":\"http:\/\/www.aklink.de\/wpak\/#\/schema\/person\/56e12f2c209b4947bd310bde790c9815\"},\"potentialAction\":[{\"@type\":\"SearchAction\",\"target\":{\"@type\":\"EntryPoint\",\"urlTemplate\":\"http:\/\/www.aklink.de\/wpak\/?s={search_term_string}\"},\"query-input\":{\"@type\":\"PropertyValueSpecification\",\"valueRequired\":true,\"valueName\":\"search_term_string\"}}],\"inLanguage\":\"de\"},{\"@type\":[\"Person\",\"Organization\"],\"@id\":\"http:\/\/www.aklink.de\/wpak\/#\/schema\/person\/56e12f2c209b4947bd310bde790c9815\",\"name\":\"ak\",\"logo\":{\"@id\":\"http:\/\/www.aklink.de\/wpak\/#\/schema\/person\/image\/\"},\"sameAs\":[\"http:\/\/www.aklink.de\"]}]}<\/script>\n<!-- \/ Yoast SEO plugin. -->","yoast_head_json":{"title":"Gruppen und Teams | Andreas Klink","robots":{"index":"index","follow":"follow","max-snippet":"max-snippet:-1","max-image-preview":"max-image-preview:large","max-video-preview":"max-video-preview:-1"},"canonical":"http:\/\/www.aklink.de\/wpak\/systemische-beratung\/gruppen-und-teams\/","og_locale":"de_DE","og_type":"article","og_title":"Gruppen und Teams | Andreas Klink","og_description":"Beruflich und privat verbringen wir Zeit in unterschiedlichsten Gruppen und Teams. Hier erleben wir Kooperation und Konflikt, Stabilit\u00e4t und Ver\u00e4nderung, Freude und Leid, Macht und Ohmacht, Unterst\u00fctzung und Kritik. Strukturen von Teams und Rollen der Teammitglieder k\u00f6nnen sich \u00e4ndern, k\u00f6nnen verwischen oder auch \u00fcber l\u00e4ngere Zeit zu stabil bleiben. Abrupte Ver\u00e4nderungen k\u00f6nnen den Wunsch nach mehr Stabilit\u00e4t ausl\u00f6sen, stabile Teamstrukturen","og_url":"http:\/\/www.aklink.de\/wpak\/systemische-beratung\/gruppen-und-teams\/","og_site_name":"Andreas Klink","article_modified_time":"2012-07-23T21:25:00+00:00","twitter_card":"summary_large_image","twitter_misc":{"Gesch\u00e4tzte Lesezeit":"1\u00a0Minute"},"schema":{"@context":"https:\/\/schema.org","@graph":[{"@type":"WebPage","@id":"http:\/\/www.aklink.de\/wpak\/systemische-beratung\/gruppen-und-teams\/","url":"http:\/\/www.aklink.de\/wpak\/systemische-beratung\/gruppen-und-teams\/","name":"Gruppen und Teams | Andreas Klink","isPartOf":{"@id":"http:\/\/www.aklink.de\/wpak\/#website"},"datePublished":"2011-04-23T23:17:50+00:00","dateModified":"2012-07-23T21:25:00+00:00","breadcrumb":{"@id":"http:\/\/www.aklink.de\/wpak\/systemische-beratung\/gruppen-und-teams\/#breadcrumb"},"inLanguage":"de","potentialAction":[{"@type":"ReadAction","target":["http:\/\/www.aklink.de\/wpak\/systemische-beratung\/gruppen-und-teams\/"]}]},{"@type":"BreadcrumbList","@id":"http:\/\/www.aklink.de\/wpak\/systemische-beratung\/gruppen-und-teams\/#breadcrumb","itemListElement":[{"@type":"ListItem","position":1,"name":"Startseite","item":"http:\/\/www.aklink.de\/wpak\/"},{"@type":"ListItem","position":2,"name":"Therapie und Beratung","item":"http:\/\/www.aklink.de\/wpak\/systemische-beratung\/"},{"@type":"ListItem","position":3,"name":"Gruppen und Teams"}]},{"@type":"WebSite","@id":"http:\/\/www.aklink.de\/wpak\/#website","url":"http:\/\/www.aklink.de\/wpak\/","name":"Andreas Klink","description":"","publisher":{"@id":"http:\/\/www.aklink.de\/wpak\/#\/schema\/person\/56e12f2c209b4947bd310bde790c9815"},"potentialAction":[{"@type":"SearchAction","target":{"@type":"EntryPoint","urlTemplate":"http:\/\/www.aklink.de\/wpak\/?s={search_term_string}"},"query-input":{"@type":"PropertyValueSpecification","valueRequired":true,"valueName":"search_term_string"}}],"inLanguage":"de"},{"@type":["Person","Organization"],"@id":"http:\/\/www.aklink.de\/wpak\/#\/schema\/person\/56e12f2c209b4947bd310bde790c9815","name":"ak","logo":{"@id":"http:\/\/www.aklink.de\/wpak\/#\/schema\/person\/image\/"},"sameAs":["http:\/\/www.aklink.de"]}]}},"_links":{"self":[{"href":"https:\/\/www.aklink.de\/wpak\/wp-json\/wp\/v2\/pages\/41","targetHints":{"allow":["GET"]}}],"collection":[{"href":"https:\/\/www.aklink.de\/wpak\/wp-json\/wp\/v2\/pages"}],"about":[{"href":"https:\/\/www.aklink.de\/wpak\/wp-json\/wp\/v2\/types\/page"}],"author":[{"embeddable":true,"href":"https:\/\/www.aklink.de\/wpak\/wp-json\/wp\/v2\/users\/1"}],"replies":[{"embeddable":true,"href":"https:\/\/www.aklink.de\/wpak\/wp-json\/wp\/v2\/comments?post=41"}],"version-history":[{"count":18,"href":"https:\/\/www.aklink.de\/wpak\/wp-json\/wp\/v2\/pages\/41\/revisions"}],"predecessor-version":[{"id":149,"href":"https:\/\/www.aklink.de\/wpak\/wp-json\/wp\/v2\/pages\/41\/revisions\/149"}],"up":[{"embeddable":true,"href":"https:\/\/www.aklink.de\/wpak\/wp-json\/wp\/v2\/pages\/28"}],"wp:attachment":[{"href":"https:\/\/www.aklink.de\/wpak\/wp-json\/wp\/v2\/media?parent=41"}],"curies":[{"name":"wp","href":"https:\/\/api.w.org\/{rel}","templated":true}]}}

<p>Beruflich und privat verbringen wir Zeit in unterschiedlichsten Gruppen und Teams. Hier erleben wir Kooperation und Konflikt, Stabilität und Veränderung, Freude und Leid, Macht und Ohmacht, Unterstützung und Kritik. Strukturen von Teams und Rollen der Teammitglieder können sich ändern, können verwischen oder auch über längere Zeit zu stabil bleiben. Abrupte Veränderungen können den Wunsch nach mehr Stabilität auslösen, stabile Teamstrukturen können den Wunsch nach Veränderung auslösen.</p>
<p>Als Diplom-Psychologe und Systemischer Therapeut und Berater biete ich Ihnen professionelle Unterstützung bei Konflikten, Entwicklungsprozessen und Veränderungen in Teams und Gruppen.</p>
<p>&nbsp;</p>

<p>Beruflich und privat verbringen wir Zeit in unterschiedlichsten Gruppen und Teams. Hier erleben wir Kooperation und Konflikt, Stabilität und Veränderung, Freude und Leid, Macht und Ohmacht, Unterstützung und Kritik. Strukturen von Teams und Rollen der Teammitglieder können sich ändern, können verwischen oder auch über längere Zeit zu stabil bleiben. Abrupte Veränderungen können den Wunsch nach mehr Stabilität auslösen, stabile Teamstrukturen</p>

<!-- This site is optimized with the Yoast SEO plugin v26.4 - https://yoast.com/wordpress/plugins/seo/ -->
<title>Gruppen und Teams | Andreas Klink</title>
<meta name="robots" content="index, follow, max-snippet:-1, max-image-preview:large, max-video-preview:-1" />
<link rel="canonical" href="http://www.aklink.de/wpak/systemische-beratung/gruppen-und-teams/" />
<meta property="og:locale" content="de_DE" />
<meta property="og:type" content="article" />
<meta property="og:title" content="Gruppen und Teams | Andreas Klink" />
<meta property="og:description" content="Beruflich und privat verbringen wir Zeit in unterschiedlichsten Gruppen und Teams. Hier erleben wir Kooperation und Konflikt, Stabilität und Veränderung, Freude und Leid, Macht und Ohmacht, Unterstützung und Kritik. Strukturen von Teams und Rollen der Teammitglieder können sich ändern, können verwischen oder auch über längere Zeit zu stabil bleiben. Abrupte Veränderungen können den Wunsch nach mehr Stabilität auslösen, stabile Teamstrukturen" />
<meta property="og:url" content="http://www.aklink.de/wpak/systemische-beratung/gruppen-und-teams/" />
<meta property="og:site_name" content="Andreas Klink" />
<meta property="article:modified_time" content="2012-07-23T21:25:00+00:00" />
<meta name="twitter:card" content="summary_large_image" />
<meta name="twitter:label1" content="Geschätzte Lesezeit" />
	<meta name="twitter:data1" content="1 Minute" />
<script type="application/ld+json" class="yoast-schema-graph">{"@context":"https://schema.org","@graph":[{"@type":"WebPage","@id":"http://www.aklink.de/wpak/systemische-beratung/gruppen-und-teams/","url":"http://www.aklink.de/wpak/systemische-beratung/gruppen-und-teams/","name":"Gruppen und Teams | Andreas Klink","isPartOf":{"@id":"http://www.aklink.de/wpak/#website"},"datePublished":"2011-04-23T23:17:50+00:00","dateModified":"2012-07-23T21:25:00+00:00","breadcrumb":{"@id":"http://www.aklink.de/wpak/systemische-beratung/gruppen-und-teams/#breadcrumb"},"inLanguage":"de","potentialAction":[{"@type":"ReadAction","target":["http://www.aklink.de/wpak/systemische-beratung/gruppen-und-teams/"]}]},{"@type":"BreadcrumbList","@id":"http://www.aklink.de/wpak/systemische-beratung/gruppen-und-teams/#breadcrumb","itemListElement":[{"@type":"ListItem","position":1,"name":"Startseite","item":"http://www.aklink.de/wpak/"},{"@type":"ListItem","position":2,"name":"Therapie und Beratung","item":"http://www.aklink.de/wpak/systemische-beratung/"},{"@type":"ListItem","position":3,"name":"Gruppen und Teams"}]},{"@type":"WebSite","@id":"http://www.aklink.de/wpak/#website","url":"http://www.aklink.de/wpak/","name":"Andreas Klink","description":"","publisher":{"@id":"http://www.aklink.de/wpak/#/schema/person/56e12f2c209b4947bd310bde790c9815"},"potentialAction":[{"@type":"SearchAction","target":{"@type":"EntryPoint","urlTemplate":"http://www.aklink.de/wpak/?s={search_term_string}"},"query-input":{"@type":"PropertyValueSpecification","valueRequired":true,"valueName":"search_term_string"}}],"inLanguage":"de"},{"@type":["Person","Organization"],"@id":"http://www.aklink.de/wpak/#/schema/person/56e12f2c209b4947bd310bde790c9815","name":"ak","logo":{"@id":"http://www.aklink.de/wpak/#/schema/person/image/"},"sameAs":["http://www.aklink.de"]}]}</script>
<!-- / Yoast SEO plugin. -->

Beruflich und privat verbringen wir Zeit in unterschiedlichsten Gruppen und Teams. Hier erleben wir Kooperation und Konflikt, Stabilität und Veränderung, Freude und Leid, Macht und Ohmacht, Unterstützung und Kritik. Strukturen von Teams und Rollen der Teammitglieder können sich ändern, können verwischen oder auch über längere Zeit zu stabil bleiben. Abrupte Veränderungen können den Wunsch nach mehr Stabilität auslösen, stabile Teamstrukturen
