{"id":49,"date":"2011-04-24T00:22:51","date_gmt":"2011-04-23T22:22:51","guid":{"rendered":"http:\/\/www.aklink.de\/wpak\/?page_id=49"},"modified":"2015-01-09T00:53:58","modified_gmt":"2015-01-08T23:53:58","slug":"interkulturelle-bildung","status":"publish","type":"page","link":"https:\/\/www.aklink.de\/wpak\/interkulturelle-bildung\/","title":{"rendered":"Interkulturelle Bildung"},"content":{"rendered":"<p>Im <a href=\"http:\/\/www.grend-bildungswerk.de\" target=\"_blank\">GREND-Bildungswerk<\/a> war ich von 1999 bis 2011 f\u00fcr den Bereich interkulturelle und politische Bildung zust\u00e4ndig.<\/p>\n<p>Meiner Arbeit liegt folgendes Verst\u00e4ndnis von interkultureller Bildung zugrunde:<\/p>\n<p>Interkulturelle Bildung thematisiert das gleichberechtigte Zusammenleben verschiedener Kulturen. Dabei ist das zugrundeliegende Kulturverst\u00e4ndnis nicht ein prim\u00e4r ethnisches oder nationales. Vielmehr vollzieht sich interkulturelle Bildung im Spannungsfeld unterschiedlicher weltanschaulicher \u00dcberzeugungen, verschiedenster Lebenseinstellungen, Werthaltungen und Traditionen, wie sie von bestimmten Gruppen von Menschen geteilt und gepflegt werden. Zu Begegnungen unterschiedlicher Kulturen kommt es in allen Lebensbereichen: in Schule und Beruf, im privaten Umfeld und im \u00f6ffentlichen Raum. Interkulturelle Bildung bewegt sich daher an der Schnittstelle zwischen beruflicher, lebensgestaltender und politischer Bildung.<\/p>\n","protected":false},"excerpt":{"rendered":"<p>Im GREND-Bildungswerk war ich von 1999 bis 2011 f\u00fcr den Bereich interkulturelle und politische Bildung zust\u00e4ndig. Meiner Arbeit liegt folgendes Verst\u00e4ndnis von interkultureller Bildung zugrunde: Interkulturelle Bildung thematisiert das gleichberechtigte Zusammenleben verschiedener Kulturen. Dabei ist das zugrundeliegende Kulturverst\u00e4ndnis nicht ein prim\u00e4r ethnisches oder nationales. Vielmehr vollzieht sich interkulturelle Bildung im Spannungsfeld unterschiedlicher weltanschaulicher \u00dcberzeugungen, verschiedenster Lebenseinstellungen, Werthaltungen und Traditionen, wie<\/p>\n","protected":false},"author":1,"featured_media":0,"parent":0,"menu_order":7,"comment_status":"closed","ping_status":"closed","template":"","meta":{"footnotes":""},"class_list":["post-49","page","type-page","status-publish","hentry"],"yoast_head":"<!-- This site is optimized with the Yoast SEO plugin v26.4 - https:\/\/yoast.com\/wordpress\/plugins\/seo\/ -->\n<title>Interkulturelle Bildung | Andreas Klink<\/title>\n<meta name=\"robots\" content=\"index, follow, max-snippet:-1, max-image-preview:large, max-video-preview:-1\" \/>\n<link rel=\"canonical\" href=\"https:\/\/www.aklink.de\/wpak\/interkulturelle-bildung\/\" \/>\n<meta property=\"og:locale\" content=\"de_DE\" \/>\n<meta property=\"og:type\" content=\"article\" \/>\n<meta property=\"og:title\" content=\"Interkulturelle Bildung | Andreas Klink\" \/>\n<meta property=\"og:description\" content=\"Im GREND-Bildungswerk war ich von 1999 bis 2011 f\u00fcr den Bereich interkulturelle und politische Bildung zust\u00e4ndig. Meiner Arbeit liegt folgendes Verst\u00e4ndnis von interkultureller Bildung zugrunde: Interkulturelle Bildung thematisiert das gleichberechtigte Zusammenleben verschiedener Kulturen. Dabei ist das zugrundeliegende Kulturverst\u00e4ndnis nicht ein prim\u00e4r ethnisches oder nationales. Vielmehr vollzieht sich interkulturelle Bildung im Spannungsfeld unterschiedlicher weltanschaulicher \u00dcberzeugungen, verschiedenster Lebenseinstellungen, Werthaltungen und Traditionen, wie\" \/>\n<meta property=\"og:url\" content=\"https:\/\/www.aklink.de\/wpak\/interkulturelle-bildung\/\" \/>\n<meta property=\"og:site_name\" content=\"Andreas Klink\" \/>\n<meta property=\"article:modified_time\" content=\"2015-01-08T23:53:58+00:00\" \/>\n<meta name=\"twitter:card\" content=\"summary_large_image\" \/>\n<meta name=\"twitter:label1\" content=\"Gesch\u00e4tzte Lesezeit\" \/>\n\t<meta name=\"twitter:data1\" content=\"1\u00a0Minute\" \/>\n<script type=\"application\/ld+json\" class=\"yoast-schema-graph\">{\"@context\":\"https:\/\/schema.org\",\"@graph\":[{\"@type\":\"WebPage\",\"@id\":\"https:\/\/www.aklink.de\/wpak\/interkulturelle-bildung\/\",\"url\":\"https:\/\/www.aklink.de\/wpak\/interkulturelle-bildung\/\",\"name\":\"Interkulturelle Bildung | Andreas Klink\",\"isPartOf\":{\"@id\":\"http:\/\/www.aklink.de\/wpak\/#website\"},\"datePublished\":\"2011-04-23T22:22:51+00:00\",\"dateModified\":\"2015-01-08T23:53:58+00:00\",\"breadcrumb\":{\"@id\":\"https:\/\/www.aklink.de\/wpak\/interkulturelle-bildung\/#breadcrumb\"},\"inLanguage\":\"de\",\"potentialAction\":[{\"@type\":\"ReadAction\",\"target\":[\"https:\/\/www.aklink.de\/wpak\/interkulturelle-bildung\/\"]}]},{\"@type\":\"BreadcrumbList\",\"@id\":\"https:\/\/www.aklink.de\/wpak\/interkulturelle-bildung\/#breadcrumb\",\"itemListElement\":[{\"@type\":\"ListItem\",\"position\":1,\"name\":\"Startseite\",\"item\":\"http:\/\/www.aklink.de\/wpak\/\"},{\"@type\":\"ListItem\",\"position\":2,\"name\":\"Interkulturelle Bildung\"}]},{\"@type\":\"WebSite\",\"@id\":\"http:\/\/www.aklink.de\/wpak\/#website\",\"url\":\"http:\/\/www.aklink.de\/wpak\/\",\"name\":\"Andreas Klink\",\"description\":\"\",\"publisher\":{\"@id\":\"http:\/\/www.aklink.de\/wpak\/#\/schema\/person\/56e12f2c209b4947bd310bde790c9815\"},\"potentialAction\":[{\"@type\":\"SearchAction\",\"target\":{\"@type\":\"EntryPoint\",\"urlTemplate\":\"http:\/\/www.aklink.de\/wpak\/?s={search_term_string}\"},\"query-input\":{\"@type\":\"PropertyValueSpecification\",\"valueRequired\":true,\"valueName\":\"search_term_string\"}}],\"inLanguage\":\"de\"},{\"@type\":[\"Person\",\"Organization\"],\"@id\":\"http:\/\/www.aklink.de\/wpak\/#\/schema\/person\/56e12f2c209b4947bd310bde790c9815\",\"name\":\"ak\",\"logo\":{\"@id\":\"http:\/\/www.aklink.de\/wpak\/#\/schema\/person\/image\/\"},\"sameAs\":[\"http:\/\/www.aklink.de\"]}]}<\/script>\n<!-- \/ Yoast SEO plugin. -->","yoast_head_json":{"title":"Interkulturelle Bildung | Andreas Klink","robots":{"index":"index","follow":"follow","max-snippet":"max-snippet:-1","max-image-preview":"max-image-preview:large","max-video-preview":"max-video-preview:-1"},"canonical":"https:\/\/www.aklink.de\/wpak\/interkulturelle-bildung\/","og_locale":"de_DE","og_type":"article","og_title":"Interkulturelle Bildung | Andreas Klink","og_description":"Im GREND-Bildungswerk war ich von 1999 bis 2011 f\u00fcr den Bereich interkulturelle und politische Bildung zust\u00e4ndig. Meiner Arbeit liegt folgendes Verst\u00e4ndnis von interkultureller Bildung zugrunde: Interkulturelle Bildung thematisiert das gleichberechtigte Zusammenleben verschiedener Kulturen. Dabei ist das zugrundeliegende Kulturverst\u00e4ndnis nicht ein prim\u00e4r ethnisches oder nationales. Vielmehr vollzieht sich interkulturelle Bildung im Spannungsfeld unterschiedlicher weltanschaulicher \u00dcberzeugungen, verschiedenster Lebenseinstellungen, Werthaltungen und Traditionen, wie","og_url":"https:\/\/www.aklink.de\/wpak\/interkulturelle-bildung\/","og_site_name":"Andreas Klink","article_modified_time":"2015-01-08T23:53:58+00:00","twitter_card":"summary_large_image","twitter_misc":{"Gesch\u00e4tzte Lesezeit":"1\u00a0Minute"},"schema":{"@context":"https:\/\/schema.org","@graph":[{"@type":"WebPage","@id":"https:\/\/www.aklink.de\/wpak\/interkulturelle-bildung\/","url":"https:\/\/www.aklink.de\/wpak\/interkulturelle-bildung\/","name":"Interkulturelle Bildung | Andreas Klink","isPartOf":{"@id":"http:\/\/www.aklink.de\/wpak\/#website"},"datePublished":"2011-04-23T22:22:51+00:00","dateModified":"2015-01-08T23:53:58+00:00","breadcrumb":{"@id":"https:\/\/www.aklink.de\/wpak\/interkulturelle-bildung\/#breadcrumb"},"inLanguage":"de","potentialAction":[{"@type":"ReadAction","target":["https:\/\/www.aklink.de\/wpak\/interkulturelle-bildung\/"]}]},{"@type":"BreadcrumbList","@id":"https:\/\/www.aklink.de\/wpak\/interkulturelle-bildung\/#breadcrumb","itemListElement":[{"@type":"ListItem","position":1,"name":"Startseite","item":"http:\/\/www.aklink.de\/wpak\/"},{"@type":"ListItem","position":2,"name":"Interkulturelle Bildung"}]},{"@type":"WebSite","@id":"http:\/\/www.aklink.de\/wpak\/#website","url":"http:\/\/www.aklink.de\/wpak\/","name":"Andreas Klink","description":"","publisher":{"@id":"http:\/\/www.aklink.de\/wpak\/#\/schema\/person\/56e12f2c209b4947bd310bde790c9815"},"potentialAction":[{"@type":"SearchAction","target":{"@type":"EntryPoint","urlTemplate":"http:\/\/www.aklink.de\/wpak\/?s={search_term_string}"},"query-input":{"@type":"PropertyValueSpecification","valueRequired":true,"valueName":"search_term_string"}}],"inLanguage":"de"},{"@type":["Person","Organization"],"@id":"http:\/\/www.aklink.de\/wpak\/#\/schema\/person\/56e12f2c209b4947bd310bde790c9815","name":"ak","logo":{"@id":"http:\/\/www.aklink.de\/wpak\/#\/schema\/person\/image\/"},"sameAs":["http:\/\/www.aklink.de"]}]}},"_links":{"self":[{"href":"https:\/\/www.aklink.de\/wpak\/wp-json\/wp\/v2\/pages\/49","targetHints":{"allow":["GET"]}}],"collection":[{"href":"https:\/\/www.aklink.de\/wpak\/wp-json\/wp\/v2\/pages"}],"about":[{"href":"https:\/\/www.aklink.de\/wpak\/wp-json\/wp\/v2\/types\/page"}],"author":[{"embeddable":true,"href":"https:\/\/www.aklink.de\/wpak\/wp-json\/wp\/v2\/users\/1"}],"replies":[{"embeddable":true,"href":"https:\/\/www.aklink.de\/wpak\/wp-json\/wp\/v2\/comments?post=49"}],"version-history":[{"count":16,"href":"https:\/\/www.aklink.de\/wpak\/wp-json\/wp\/v2\/pages\/49\/revisions"}],"predecessor-version":[{"id":1631,"href":"https:\/\/www.aklink.de\/wpak\/wp-json\/wp\/v2\/pages\/49\/revisions\/1631"}],"wp:attachment":[{"href":"https:\/\/www.aklink.de\/wpak\/wp-json\/wp\/v2\/media?parent=49"}],"curies":[{"name":"wp","href":"https:\/\/api.w.org\/{rel}","templated":true}]}}

<p>Im <a href="http://www.grend-bildungswerk.de" target="_blank">GREND-Bildungswerk</a> war ich von 1999 bis 2011 für den Bereich interkulturelle und politische Bildung zuständig.</p>
<p>Meiner Arbeit liegt folgendes Verständnis von interkultureller Bildung zugrunde:</p>
<p>Interkulturelle Bildung thematisiert das gleichberechtigte Zusammenleben verschiedener Kulturen. Dabei ist das zugrundeliegende Kulturverständnis nicht ein primär ethnisches oder nationales. Vielmehr vollzieht sich interkulturelle Bildung im Spannungsfeld unterschiedlicher weltanschaulicher Überzeugungen, verschiedenster Lebenseinstellungen, Werthaltungen und Traditionen, wie sie von bestimmten Gruppen von Menschen geteilt und gepflegt werden. Zu Begegnungen unterschiedlicher Kulturen kommt es in allen Lebensbereichen: in Schule und Beruf, im privaten Umfeld und im öffentlichen Raum. Interkulturelle Bildung bewegt sich daher an der Schnittstelle zwischen beruflicher, lebensgestaltender und politischer Bildung.</p>

<p>Im GREND-Bildungswerk war ich von 1999 bis 2011 für den Bereich interkulturelle und politische Bildung zuständig. Meiner Arbeit liegt folgendes Verständnis von interkultureller Bildung zugrunde: Interkulturelle Bildung thematisiert das gleichberechtigte Zusammenleben verschiedener Kulturen. Dabei ist das zugrundeliegende Kulturverständnis nicht ein primär ethnisches oder nationales. Vielmehr vollzieht sich interkulturelle Bildung im Spannungsfeld unterschiedlicher weltanschaulicher Überzeugungen, verschiedenster Lebenseinstellungen, Werthaltungen und Traditionen, wie</p>

<!-- This site is optimized with the Yoast SEO plugin v26.4 - https://yoast.com/wordpress/plugins/seo/ -->
<title>Interkulturelle Bildung | Andreas Klink</title>
<meta name="robots" content="index, follow, max-snippet:-1, max-image-preview:large, max-video-preview:-1" />
<link rel="canonical" href="https://www.aklink.de/wpak/interkulturelle-bildung/" />
<meta property="og:locale" content="de_DE" />
<meta property="og:type" content="article" />
<meta property="og:title" content="Interkulturelle Bildung | Andreas Klink" />
<meta property="og:description" content="Im GREND-Bildungswerk war ich von 1999 bis 2011 für den Bereich interkulturelle und politische Bildung zuständig. Meiner Arbeit liegt folgendes Verständnis von interkultureller Bildung zugrunde: Interkulturelle Bildung thematisiert das gleichberechtigte Zusammenleben verschiedener Kulturen. Dabei ist das zugrundeliegende Kulturverständnis nicht ein primär ethnisches oder nationales. Vielmehr vollzieht sich interkulturelle Bildung im Spannungsfeld unterschiedlicher weltanschaulicher Überzeugungen, verschiedenster Lebenseinstellungen, Werthaltungen und Traditionen, wie" />
<meta property="og:url" content="https://www.aklink.de/wpak/interkulturelle-bildung/" />
<meta property="og:site_name" content="Andreas Klink" />
<meta property="article:modified_time" content="2015-01-08T23:53:58+00:00" />
<meta name="twitter:card" content="summary_large_image" />
<meta name="twitter:label1" content="Geschätzte Lesezeit" />
	<meta name="twitter:data1" content="1 Minute" />
<script type="application/ld+json" class="yoast-schema-graph">{"@context":"https://schema.org","@graph":[{"@type":"WebPage","@id":"https://www.aklink.de/wpak/interkulturelle-bildung/","url":"https://www.aklink.de/wpak/interkulturelle-bildung/","name":"Interkulturelle Bildung | Andreas Klink","isPartOf":{"@id":"http://www.aklink.de/wpak/#website"},"datePublished":"2011-04-23T22:22:51+00:00","dateModified":"2015-01-08T23:53:58+00:00","breadcrumb":{"@id":"https://www.aklink.de/wpak/interkulturelle-bildung/#breadcrumb"},"inLanguage":"de","potentialAction":[{"@type":"ReadAction","target":["https://www.aklink.de/wpak/interkulturelle-bildung/"]}]},{"@type":"BreadcrumbList","@id":"https://www.aklink.de/wpak/interkulturelle-bildung/#breadcrumb","itemListElement":[{"@type":"ListItem","position":1,"name":"Startseite","item":"http://www.aklink.de/wpak/"},{"@type":"ListItem","position":2,"name":"Interkulturelle Bildung"}]},{"@type":"WebSite","@id":"http://www.aklink.de/wpak/#website","url":"http://www.aklink.de/wpak/","name":"Andreas Klink","description":"","publisher":{"@id":"http://www.aklink.de/wpak/#/schema/person/56e12f2c209b4947bd310bde790c9815"},"potentialAction":[{"@type":"SearchAction","target":{"@type":"EntryPoint","urlTemplate":"http://www.aklink.de/wpak/?s={search_term_string}"},"query-input":{"@type":"PropertyValueSpecification","valueRequired":true,"valueName":"search_term_string"}}],"inLanguage":"de"},{"@type":["Person","Organization"],"@id":"http://www.aklink.de/wpak/#/schema/person/56e12f2c209b4947bd310bde790c9815","name":"ak","logo":{"@id":"http://www.aklink.de/wpak/#/schema/person/image/"},"sameAs":["http://www.aklink.de"]}]}</script>
<!-- / Yoast SEO plugin. -->

Im GREND-Bildungswerk war ich von 1999 bis 2011 für den Bereich interkulturelle und politische Bildung zuständig. Meiner Arbeit liegt folgendes Verständnis von interkultureller Bildung zugrunde: Interkulturelle Bildung thematisiert das gleichberechtigte Zusammenleben verschiedener Kulturen. Dabei ist das zugrundeliegende Kulturverständnis nicht ein primär ethnisches oder nationales. Vielmehr vollzieht sich interkulturelle Bildung im Spannungsfeld unterschiedlicher weltanschaulicher Überzeugungen, verschiedenster Lebenseinstellungen, Werthaltungen und Traditionen, wie
