{"id":56,"date":"2011-04-23T23:29:04","date_gmt":"2011-04-23T23:29:04","guid":{"rendered":"http:\/\/www.aklink.de\/wpak\/?page_id=56"},"modified":"2023-06-19T23:39:16","modified_gmt":"2023-06-19T21:39:16","slug":"buchprojekte","status":"publish","type":"page","link":"https:\/\/www.aklink.de\/wpak\/buchprojekte\/","title":{"rendered":"Buchprojekte"},"content":{"rendered":"<p>Von 2007 bis 2014 haben der Essener Lehrer Artur Nickel, Alfred B\u00fcngen vom Geest-Verlag und ich j\u00e4hrlich ein Buchprojekt organisiert, bei dem Kinder und Jugendlichen zwischen 10 und 20 Jahren ein Forum f\u00fcr ihre Texte geboten wird. Im Rahmen eines\u00a0Schreibwettbewerbs konnten die jungen Autorinnen und Autoren ihre selbstverfassten Texte zu einem vorgegebenen Thema einreichen. Aus allen Einsendungen wurden die interessantesten Texte ausgew\u00e4hlt und in einem Buch ver\u00f6ffentlicht, das jeweils im Geest-Verlag in Vecha erschienen ist. Bereits in 2005 und 2006 waren entsprechende Buchprojekte im Rahmen der Lernwelt Essen organisiert worden.<\/p>\n<p>Seit 2005 sind folgende Buchprojekte durchgef\u00fchrt worden:<\/p>\n<ul>\n<li>2005 (Friederike K\u00f6ster &amp; Artur Nickel): <a title=\"Fremd und doch daheim?! \" href=\"http:\/\/www.geest-verlag.de\/artikel\/fremd-und-doch-daheim\" target=\"_blank\" rel=\"noopener noreferrer\">Fremd und doch daheim?! <\/a><\/li>\n<li>2006 (Friederike K\u00f6ster &amp; Artur Nickel): <a title=\"Dann kam ein neuer Morgen\" href=\"http:\/\/www.geest-verlag.de\/artikel\/dann-kam-ein-neuer-morgen\" target=\"_blank\" rel=\"noopener noreferrer\">Dann kam ein neuer Morgen<\/a><\/li>\n<li>2007: <a href=\"http:\/\/www.aklink.de\/wpak\/wp-content\/uploads\/2020\/06\/LW_Traumzeit-Druck.pdf\" target=\"_blank\" rel=\"noopener noreferrer\">Heute ist Zeit f\u00fcr deine Tr\u00e4ume<\/a><\/li>\n<li>2008: <a href=\"http:\/\/www.aklink.de\/wpak\/wp-content\/uploads\/2020\/06\/Pfadeflyer-mittel.pdf\" target=\"_blank\" rel=\"noopener noreferrer\">Pfade ins Revier &#8211; Pfade im Revier<\/a><\/li>\n<li>2009: <a href=\"http:\/\/www.aklink.de\/wpak\/wp-content\/uploads\/2020\/06\/faltblatt.pdf\" target=\"_blank\" rel=\"noopener noreferrer\">Ruhrkulturen &#8211; Was ich dir aus meiner Welt erz\u00e4hlen m\u00f6chte<\/a><\/li>\n<li>2010: <a href=\"http:\/\/www.aklink.de\/wpak\/wp-content\/uploads\/2020\/06\/faltblatt_maerchenhaftes2010.pdf\" target=\"_blank\" rel=\"noopener noreferrer\">M\u00e4rchenhaftes zwischen Emscher und Ruhr<\/a><\/li>\n<li>2011: <a href=\"http:\/\/www.aklink.de\/wpak\/wp-content\/uploads\/2020\/06\/zwischenmeinenweltengesamtflyerms.pdf\" target=\"_blank\" rel=\"noopener noreferrer\">Zwischen meinen Welten unterwegs<\/a><\/li>\n<li>2012: <a href=\"http:\/\/www.aklink.de\/wpak\/wp-content\/uploads\/2020\/06\/Essenflyerwasserms.pdf\" target=\"_blank\" rel=\"noopener noreferrer\">Wenn Wasser erz\u00e4hlt<\/a><\/li>\n<li>2013:\u00a0<a href=\"http:\/\/www.aklink.de\/wpak\/wp-content\/uploads\/2020\/06\/Essent\u00fcrenflyerend.pdf\" target=\"_blank\" rel=\"noopener noreferrer\">Dann \u00f6ffnete sich mir die T\u00fcr &#8230;<\/a><\/li>\n<li>2014: <a href=\"http:\/\/www.aklink.de\/wpak\/wp-content\/uploads\/2020\/06\/flyer_wiediezeitvergeht.pdf\" target=\"_blank\" rel=\"noopener noreferrer\">Wie die Zeit vergeht &#8230;<\/a><\/li>\n<\/ul>\n<p>Seit 2015 f\u00fchren <a href=\"http:\/\/arturnickel.de\/\" target=\"_blank\" rel=\"noopener\">Artur Nickel<\/a> und <a href=\"https:\/\/geest-verlag.de\" target=\"_blank\" rel=\"noopener\">Alfred B\u00fcngen<\/a> die Reihe weiterhin fort. Die Buchprojekte in den Jahren 2009 und 2010 sind im Rahmen der Kulturhauptstadt Ruhr2010 durchgef\u00fchrt worden.<\/p>\n\n\n<p><\/p>\n","protected":false},"excerpt":{"rendered":"<p>Von 2007 bis 2014 haben der Essener Lehrer Artur Nickel, Alfred B\u00fcngen vom Geest-Verlag und ich j\u00e4hrlich ein Buchprojekt organisiert, bei dem Kinder und Jugendlichen zwischen 10 und 20 Jahren ein Forum f\u00fcr ihre Texte geboten wird. Im Rahmen eines\u00a0Schreibwettbewerbs konnten die jungen Autorinnen und Autoren ihre selbstverfassten Texte zu einem vorgegebenen Thema einreichen. Aus allen Einsendungen wurden die interessantesten<\/p>\n","protected":false},"author":1,"featured_media":0,"parent":0,"menu_order":8,"comment_status":"closed","ping_status":"open","template":"","meta":{"footnotes":""},"class_list":["post-56","page","type-page","status-publish","hentry"],"yoast_head":"<!-- This site is optimized with the Yoast SEO plugin v26.4 - https:\/\/yoast.com\/wordpress\/plugins\/seo\/ -->\n<title>Buchprojekte | Andreas Klink<\/title>\n<meta name=\"robots\" content=\"index, follow, max-snippet:-1, max-image-preview:large, max-video-preview:-1\" \/>\n<link rel=\"canonical\" href=\"http:\/\/www.aklink.de\/wpak\/buchprojekte\/\" \/>\n<meta property=\"og:locale\" content=\"de_DE\" \/>\n<meta property=\"og:type\" content=\"article\" \/>\n<meta property=\"og:title\" content=\"Buchprojekte | Andreas Klink\" \/>\n<meta property=\"og:description\" content=\"Von 2007 bis 2014 haben der Essener Lehrer Artur Nickel, Alfred B\u00fcngen vom Geest-Verlag und ich j\u00e4hrlich ein Buchprojekt organisiert, bei dem Kinder und Jugendlichen zwischen 10 und 20 Jahren ein Forum f\u00fcr ihre Texte geboten wird. Im Rahmen eines\u00a0Schreibwettbewerbs konnten die jungen Autorinnen und Autoren ihre selbstverfassten Texte zu einem vorgegebenen Thema einreichen. Aus allen Einsendungen wurden die interessantesten\" \/>\n<meta property=\"og:url\" content=\"http:\/\/www.aklink.de\/wpak\/buchprojekte\/\" \/>\n<meta property=\"og:site_name\" content=\"Andreas Klink\" \/>\n<meta property=\"article:modified_time\" content=\"2023-06-19T21:39:16+00:00\" \/>\n<meta name=\"twitter:card\" content=\"summary_large_image\" \/>\n<meta name=\"twitter:label1\" content=\"Gesch\u00e4tzte Lesezeit\" \/>\n\t<meta name=\"twitter:data1\" content=\"2\u00a0Minuten\" \/>\n<script type=\"application\/ld+json\" class=\"yoast-schema-graph\">{\"@context\":\"https:\/\/schema.org\",\"@graph\":[{\"@type\":\"WebPage\",\"@id\":\"http:\/\/www.aklink.de\/wpak\/buchprojekte\/\",\"url\":\"http:\/\/www.aklink.de\/wpak\/buchprojekte\/\",\"name\":\"Buchprojekte | Andreas Klink\",\"isPartOf\":{\"@id\":\"http:\/\/www.aklink.de\/wpak\/#website\"},\"datePublished\":\"2011-04-23T23:29:04+00:00\",\"dateModified\":\"2023-06-19T21:39:16+00:00\",\"breadcrumb\":{\"@id\":\"http:\/\/www.aklink.de\/wpak\/buchprojekte\/#breadcrumb\"},\"inLanguage\":\"de\",\"potentialAction\":[{\"@type\":\"ReadAction\",\"target\":[\"http:\/\/www.aklink.de\/wpak\/buchprojekte\/\"]}]},{\"@type\":\"BreadcrumbList\",\"@id\":\"http:\/\/www.aklink.de\/wpak\/buchprojekte\/#breadcrumb\",\"itemListElement\":[{\"@type\":\"ListItem\",\"position\":1,\"name\":\"Startseite\",\"item\":\"http:\/\/www.aklink.de\/wpak\/\"},{\"@type\":\"ListItem\",\"position\":2,\"name\":\"Buchprojekte\"}]},{\"@type\":\"WebSite\",\"@id\":\"http:\/\/www.aklink.de\/wpak\/#website\",\"url\":\"http:\/\/www.aklink.de\/wpak\/\",\"name\":\"Andreas Klink\",\"description\":\"\",\"publisher\":{\"@id\":\"http:\/\/www.aklink.de\/wpak\/#\/schema\/person\/56e12f2c209b4947bd310bde790c9815\"},\"potentialAction\":[{\"@type\":\"SearchAction\",\"target\":{\"@type\":\"EntryPoint\",\"urlTemplate\":\"http:\/\/www.aklink.de\/wpak\/?s={search_term_string}\"},\"query-input\":{\"@type\":\"PropertyValueSpecification\",\"valueRequired\":true,\"valueName\":\"search_term_string\"}}],\"inLanguage\":\"de\"},{\"@type\":[\"Person\",\"Organization\"],\"@id\":\"http:\/\/www.aklink.de\/wpak\/#\/schema\/person\/56e12f2c209b4947bd310bde790c9815\",\"name\":\"ak\",\"logo\":{\"@id\":\"http:\/\/www.aklink.de\/wpak\/#\/schema\/person\/image\/\"},\"sameAs\":[\"http:\/\/www.aklink.de\"]}]}<\/script>\n<!-- \/ Yoast SEO plugin. -->","yoast_head_json":{"title":"Buchprojekte | Andreas Klink","robots":{"index":"index","follow":"follow","max-snippet":"max-snippet:-1","max-image-preview":"max-image-preview:large","max-video-preview":"max-video-preview:-1"},"canonical":"http:\/\/www.aklink.de\/wpak\/buchprojekte\/","og_locale":"de_DE","og_type":"article","og_title":"Buchprojekte | Andreas Klink","og_description":"Von 2007 bis 2014 haben der Essener Lehrer Artur Nickel, Alfred B\u00fcngen vom Geest-Verlag und ich j\u00e4hrlich ein Buchprojekt organisiert, bei dem Kinder und Jugendlichen zwischen 10 und 20 Jahren ein Forum f\u00fcr ihre Texte geboten wird. Im Rahmen eines\u00a0Schreibwettbewerbs konnten die jungen Autorinnen und Autoren ihre selbstverfassten Texte zu einem vorgegebenen Thema einreichen. Aus allen Einsendungen wurden die interessantesten","og_url":"http:\/\/www.aklink.de\/wpak\/buchprojekte\/","og_site_name":"Andreas Klink","article_modified_time":"2023-06-19T21:39:16+00:00","twitter_card":"summary_large_image","twitter_misc":{"Gesch\u00e4tzte Lesezeit":"2\u00a0Minuten"},"schema":{"@context":"https:\/\/schema.org","@graph":[{"@type":"WebPage","@id":"http:\/\/www.aklink.de\/wpak\/buchprojekte\/","url":"http:\/\/www.aklink.de\/wpak\/buchprojekte\/","name":"Buchprojekte | Andreas Klink","isPartOf":{"@id":"http:\/\/www.aklink.de\/wpak\/#website"},"datePublished":"2011-04-23T23:29:04+00:00","dateModified":"2023-06-19T21:39:16+00:00","breadcrumb":{"@id":"http:\/\/www.aklink.de\/wpak\/buchprojekte\/#breadcrumb"},"inLanguage":"de","potentialAction":[{"@type":"ReadAction","target":["http:\/\/www.aklink.de\/wpak\/buchprojekte\/"]}]},{"@type":"BreadcrumbList","@id":"http:\/\/www.aklink.de\/wpak\/buchprojekte\/#breadcrumb","itemListElement":[{"@type":"ListItem","position":1,"name":"Startseite","item":"http:\/\/www.aklink.de\/wpak\/"},{"@type":"ListItem","position":2,"name":"Buchprojekte"}]},{"@type":"WebSite","@id":"http:\/\/www.aklink.de\/wpak\/#website","url":"http:\/\/www.aklink.de\/wpak\/","name":"Andreas Klink","description":"","publisher":{"@id":"http:\/\/www.aklink.de\/wpak\/#\/schema\/person\/56e12f2c209b4947bd310bde790c9815"},"potentialAction":[{"@type":"SearchAction","target":{"@type":"EntryPoint","urlTemplate":"http:\/\/www.aklink.de\/wpak\/?s={search_term_string}"},"query-input":{"@type":"PropertyValueSpecification","valueRequired":true,"valueName":"search_term_string"}}],"inLanguage":"de"},{"@type":["Person","Organization"],"@id":"http:\/\/www.aklink.de\/wpak\/#\/schema\/person\/56e12f2c209b4947bd310bde790c9815","name":"ak","logo":{"@id":"http:\/\/www.aklink.de\/wpak\/#\/schema\/person\/image\/"},"sameAs":["http:\/\/www.aklink.de"]}]}},"_links":{"self":[{"href":"https:\/\/www.aklink.de\/wpak\/wp-json\/wp\/v2\/pages\/56","targetHints":{"allow":["GET"]}}],"collection":[{"href":"https:\/\/www.aklink.de\/wpak\/wp-json\/wp\/v2\/pages"}],"about":[{"href":"https:\/\/www.aklink.de\/wpak\/wp-json\/wp\/v2\/types\/page"}],"author":[{"embeddable":true,"href":"https:\/\/www.aklink.de\/wpak\/wp-json\/wp\/v2\/users\/1"}],"replies":[{"embeddable":true,"href":"https:\/\/www.aklink.de\/wpak\/wp-json\/wp\/v2\/comments?post=56"}],"version-history":[{"count":38,"href":"https:\/\/www.aklink.de\/wpak\/wp-json\/wp\/v2\/pages\/56\/revisions"}],"predecessor-version":[{"id":2730,"href":"https:\/\/www.aklink.de\/wpak\/wp-json\/wp\/v2\/pages\/56\/revisions\/2730"}],"wp:attachment":[{"href":"https:\/\/www.aklink.de\/wpak\/wp-json\/wp\/v2\/media?parent=56"}],"curies":[{"name":"wp","href":"https:\/\/api.w.org\/{rel}","templated":true}]}}

<p>Von 2007 bis 2014 haben der Essener Lehrer Artur Nickel, Alfred Büngen vom Geest-Verlag und ich jährlich ein Buchprojekt organisiert, bei dem Kinder und Jugendlichen zwischen 10 und 20 Jahren ein Forum für ihre Texte geboten wird. Im Rahmen eines Schreibwettbewerbs konnten die jungen Autorinnen und Autoren ihre selbstverfassten Texte zu einem vorgegebenen Thema einreichen. Aus allen Einsendungen wurden die interessantesten Texte ausgewählt und in einem Buch veröffentlicht, das jeweils im Geest-Verlag in Vecha erschienen ist. Bereits in 2005 und 2006 waren entsprechende Buchprojekte im Rahmen der Lernwelt Essen organisiert worden.</p>
<p>Seit 2005 sind folgende Buchprojekte durchgeführt worden:</p>
<ul>
<li>2005 (Friederike Köster &amp; Artur Nickel): <a title="Fremd und doch daheim?! " href="http://www.geest-verlag.de/artikel/fremd-und-doch-daheim" target="_blank" rel="noopener noreferrer">Fremd und doch daheim?! </a></li>
<li>2006 (Friederike Köster &amp; Artur Nickel): <a title="Dann kam ein neuer Morgen" href="http://www.geest-verlag.de/artikel/dann-kam-ein-neuer-morgen" target="_blank" rel="noopener noreferrer">Dann kam ein neuer Morgen</a></li>
<li>2007: <a href="http://www.aklink.de/wpak/wp-content/uploads/2020/06/LW_Traumzeit-Druck.pdf" target="_blank" rel="noopener noreferrer">Heute ist Zeit für deine Träume</a></li>
<li>2008: <a href="http://www.aklink.de/wpak/wp-content/uploads/2020/06/Pfadeflyer-mittel.pdf" target="_blank" rel="noopener noreferrer">Pfade ins Revier &#8211; Pfade im Revier</a></li>
<li>2009: <a href="http://www.aklink.de/wpak/wp-content/uploads/2020/06/faltblatt.pdf" target="_blank" rel="noopener noreferrer">Ruhrkulturen &#8211; Was ich dir aus meiner Welt erzählen möchte</a></li>
<li>2010: <a href="http://www.aklink.de/wpak/wp-content/uploads/2020/06/faltblatt_maerchenhaftes2010.pdf" target="_blank" rel="noopener noreferrer">Märchenhaftes zwischen Emscher und Ruhr</a></li>
<li>2011: <a href="http://www.aklink.de/wpak/wp-content/uploads/2020/06/zwischenmeinenweltengesamtflyerms.pdf" target="_blank" rel="noopener noreferrer">Zwischen meinen Welten unterwegs</a></li>
<li>2012: <a href="http://www.aklink.de/wpak/wp-content/uploads/2020/06/Essenflyerwasserms.pdf" target="_blank" rel="noopener noreferrer">Wenn Wasser erzählt</a></li>
<li>2013: <a href="http://www.aklink.de/wpak/wp-content/uploads/2020/06/Essentürenflyerend.pdf" target="_blank" rel="noopener noreferrer">Dann öffnete sich mir die Tür &#8230;</a></li>
<li>2014: <a href="http://www.aklink.de/wpak/wp-content/uploads/2020/06/flyer_wiediezeitvergeht.pdf" target="_blank" rel="noopener noreferrer">Wie die Zeit vergeht &#8230;</a></li>
</ul>
<p>Seit 2015 führen <a href="http://arturnickel.de/" target="_blank" rel="noopener">Artur Nickel</a> und <a href="https://geest-verlag.de" target="_blank" rel="noopener">Alfred Büngen</a> die Reihe weiterhin fort. Die Buchprojekte in den Jahren 2009 und 2010 sind im Rahmen der Kulturhauptstadt Ruhr2010 durchgeführt worden.</p>


<p></p>

<p>Von 2007 bis 2014 haben der Essener Lehrer Artur Nickel, Alfred Büngen vom Geest-Verlag und ich jährlich ein Buchprojekt organisiert, bei dem Kinder und Jugendlichen zwischen 10 und 20 Jahren ein Forum für ihre Texte geboten wird. Im Rahmen eines Schreibwettbewerbs konnten die jungen Autorinnen und Autoren ihre selbstverfassten Texte zu einem vorgegebenen Thema einreichen. Aus allen Einsendungen wurden die interessantesten</p>

<!-- This site is optimized with the Yoast SEO plugin v26.4 - https://yoast.com/wordpress/plugins/seo/ -->
<title>Buchprojekte | Andreas Klink</title>
<meta name="robots" content="index, follow, max-snippet:-1, max-image-preview:large, max-video-preview:-1" />
<link rel="canonical" href="http://www.aklink.de/wpak/buchprojekte/" />
<meta property="og:locale" content="de_DE" />
<meta property="og:type" content="article" />
<meta property="og:title" content="Buchprojekte | Andreas Klink" />
<meta property="og:description" content="Von 2007 bis 2014 haben der Essener Lehrer Artur Nickel, Alfred Büngen vom Geest-Verlag und ich jährlich ein Buchprojekt organisiert, bei dem Kinder und Jugendlichen zwischen 10 und 20 Jahren ein Forum für ihre Texte geboten wird. Im Rahmen eines Schreibwettbewerbs konnten die jungen Autorinnen und Autoren ihre selbstverfassten Texte zu einem vorgegebenen Thema einreichen. Aus allen Einsendungen wurden die interessantesten" />
<meta property="og:url" content="http://www.aklink.de/wpak/buchprojekte/" />
<meta property="og:site_name" content="Andreas Klink" />
<meta property="article:modified_time" content="2023-06-19T21:39:16+00:00" />
<meta name="twitter:card" content="summary_large_image" />
<meta name="twitter:label1" content="Geschätzte Lesezeit" />
	<meta name="twitter:data1" content="2 Minuten" />
<script type="application/ld+json" class="yoast-schema-graph">{"@context":"https://schema.org","@graph":[{"@type":"WebPage","@id":"http://www.aklink.de/wpak/buchprojekte/","url":"http://www.aklink.de/wpak/buchprojekte/","name":"Buchprojekte | Andreas Klink","isPartOf":{"@id":"http://www.aklink.de/wpak/#website"},"datePublished":"2011-04-23T23:29:04+00:00","dateModified":"2023-06-19T21:39:16+00:00","breadcrumb":{"@id":"http://www.aklink.de/wpak/buchprojekte/#breadcrumb"},"inLanguage":"de","potentialAction":[{"@type":"ReadAction","target":["http://www.aklink.de/wpak/buchprojekte/"]}]},{"@type":"BreadcrumbList","@id":"http://www.aklink.de/wpak/buchprojekte/#breadcrumb","itemListElement":[{"@type":"ListItem","position":1,"name":"Startseite","item":"http://www.aklink.de/wpak/"},{"@type":"ListItem","position":2,"name":"Buchprojekte"}]},{"@type":"WebSite","@id":"http://www.aklink.de/wpak/#website","url":"http://www.aklink.de/wpak/","name":"Andreas Klink","description":"","publisher":{"@id":"http://www.aklink.de/wpak/#/schema/person/56e12f2c209b4947bd310bde790c9815"},"potentialAction":[{"@type":"SearchAction","target":{"@type":"EntryPoint","urlTemplate":"http://www.aklink.de/wpak/?s={search_term_string}"},"query-input":{"@type":"PropertyValueSpecification","valueRequired":true,"valueName":"search_term_string"}}],"inLanguage":"de"},{"@type":["Person","Organization"],"@id":"http://www.aklink.de/wpak/#/schema/person/56e12f2c209b4947bd310bde790c9815","name":"ak","logo":{"@id":"http://www.aklink.de/wpak/#/schema/person/image/"},"sameAs":["http://www.aklink.de"]}]}</script>
<!-- / Yoast SEO plugin. -->

Von 2007 bis 2014 haben der Essener Lehrer Artur Nickel, Alfred Büngen vom Geest-Verlag und ich jährlich ein Buchprojekt organisiert, bei dem Kinder und Jugendlichen zwischen 10 und 20 Jahren ein Forum für ihre Texte geboten wird. Im Rahmen eines Schreibwettbewerbs konnten die jungen Autorinnen und Autoren ihre selbstverfassten Texte zu einem vorgegebenen Thema einreichen. Aus allen Einsendungen wurden die interessantesten
