{"id":62,"date":"2011-04-24T00:30:28","date_gmt":"2011-04-23T23:30:28","guid":{"rendered":"http:\/\/www.aklink.de\/wpak\/?page_id=62"},"modified":"2023-06-12T21:06:27","modified_gmt":"2023-06-12T19:06:27","slug":"zur-person","status":"publish","type":"page","link":"https:\/\/www.aklink.de\/wpak\/zur-person\/","title":{"rendered":"Zur Person"},"content":{"rendered":"<ul>\n<li>Jahrgang 1963<\/li>\n<li>Diplom-Psychologe<\/li>\n<li>Systemischer Therapeut &amp; Berater (SG), Systemischer Supervisor (SG)<\/li>\n<li>Promotion (Dr. rer. nat.) an der Universit\u00e4t <a href=\"http:\/\/www.uni-marburg.de\/fb04\/team-wagner\/\" target=\"_blank\" rel=\"noopener noreferrer\">Marburg<\/a>: Vorurteilsforschung<\/li>\n<li>bis 1999 wissenschaftlicher Mitarbeiter an den Universit\u00e4ten <a href=\"http:\/\/www.ruhr-uni-bochum.de\/soc-psy\/\" target=\"_blank\" rel=\"noopener noreferrer\">Bochum<\/a> <a href=\"http:\/\/www.uclouvain.be\/en-psor.html\" target=\"_blank\" rel=\"noopener noreferrer\">Louvain-la-Neuve<\/a> (Belgien), <a href=\"http:\/\/www.uni-muenster.de\/Psychologie\/institute\/index.html#InstPsy\" target=\"_blank\" rel=\"noopener noreferrer\">M\u00fcnster<\/a> und <a href=\"http:\/\/www.sozialpsychologie.uni-jena.de\/\" target=\"_blank\" rel=\"noopener noreferrer\">Jena<\/a>: Forschung zum Abbau von Vorurteilen und Diskriminierung<\/li>\n<li>bis 2011 Mitarbeiter im <a href=\"http:\/\/www.grend-bildungswerk.de\" target=\"_blank\" rel=\"noopener noreferrer\">Grend-Bildungswerk<\/a>: interkulturelle und politische Bildung<\/li>\n<li>seit 1999 freiberufliche T\u00e4tigkeiten neben meiner Festanstellung: Weiterbildung \/ <a title=\"Therapie und Beratung\" href=\"http:\/\/www.aklink.de\/wpak\/systemische-beratung\">Systemische Therapie und Beratung<\/a> \/ Supervision \/ <a title=\"Evaluation\" href=\"http:\/\/www.aklink.de\/wpak\/evaluation\">Evaluation<\/a><\/li>\n<li>seit Mai 2011 Lehrveranstaltungen am&nbsp; <a href=\"http:\/\/www.if-weinheim.de\/\" target=\"_blank\" rel=\"noopener noreferrer\">IFW<\/a><\/li>\n<li>seit Januar 2012 p\u00e4dagogische Leitung im <a href=\"http:\/\/www.awo-essen.de\/jugendhilfenetzwerk\" target=\"_blank\" rel=\"noopener noreferrer\">Jugendhilfenetzwerk <\/a>der AWO Essen<\/li>\n<li>seit November 2012 Mitglied im Redaktionsteam der <a href=\"http:\/\/if-weinheim.de\/if-weinheim\/systhema\/systhema.html\" target=\"_blank\" rel=\"noopener noreferrer\">Systhema <\/a><\/li>\n<li>seit Januar 2013 Lehrtherapeut&nbsp;<a href=\"http:\/\/www.if-weinheim.de\/\" target=\"_blank\" rel=\"noopener noreferrer\">IFW<\/a><\/li>\n<li>November 2013 bis November 2014 Vorstand Institut f\u00fcr Familientherapie Weinheim \u2013 Ausbildung und Entwicklung e.V. (zusammen mit Tom Pinkall)<\/li>\n<li>seit November 2014 gesch\u00e4ftsf\u00fchrende Redaktion der&nbsp;<a href=\"http:\/\/if-weinheim.de\/if-weinheim\/systhema\/systhema.html\" target=\"_blank\" rel=\"noopener noreferrer\">Systhema<\/a>&nbsp; &#8211; bis 2016 in Vertretung f\u00fcr Ursel Winkler (\u2020)<\/li>\n<li>seit Dezember 2016 Lehrtherapeut (SG)<\/li>\n<li>seit November 2018 Insoweit erfahrene Kinderschutzfachkraft<\/li>\n<li>seit Juli 2021 Abteilungsleitung Jugend und Leitung im <a href=\"http:\/\/www.awo-essen.de\/jugendhilfenetzwerk\" target=\"_blank\" rel=\"noopener noreferrer\">Jugendhilfenetzwerk <\/a>der AWO Essen<\/li>\n<\/ul>\n","protected":false},"excerpt":{"rendered":"<p>Jahrgang 1963 Diplom-Psychologe Systemischer Therapeut &amp; Berater (SG), Systemischer Supervisor (SG) Promotion (Dr. rer. nat.) an der Universit\u00e4t Marburg: Vorurteilsforschung bis 1999 wissenschaftlicher Mitarbeiter an den Universit\u00e4ten Bochum Louvain-la-Neuve (Belgien), M\u00fcnster und Jena: Forschung zum Abbau von Vorurteilen und Diskriminierung bis 2011 Mitarbeiter im Grend-Bildungswerk: interkulturelle und politische Bildung seit 1999 freiberufliche T\u00e4tigkeiten neben meiner Festanstellung: Weiterbildung \/ Systemische Therapie<\/p>\n","protected":false},"author":1,"featured_media":0,"parent":0,"menu_order":9,"comment_status":"closed","ping_status":"closed","template":"","meta":{"footnotes":""},"class_list":["post-62","page","type-page","status-publish","hentry"],"yoast_head":"<!-- This site is optimized with the Yoast SEO plugin v26.4 - https:\/\/yoast.com\/wordpress\/plugins\/seo\/ -->\n<title>Zur Person | Andreas Klink<\/title>\n<meta name=\"robots\" content=\"index, follow, max-snippet:-1, max-image-preview:large, max-video-preview:-1\" \/>\n<link rel=\"canonical\" href=\"http:\/\/www.aklink.de\/wpak\/zur-person\/\" \/>\n<meta property=\"og:locale\" content=\"de_DE\" \/>\n<meta property=\"og:type\" content=\"article\" \/>\n<meta property=\"og:title\" content=\"Zur Person | Andreas Klink\" \/>\n<meta property=\"og:description\" content=\"Jahrgang 1963 Diplom-Psychologe Systemischer Therapeut &amp; Berater (SG), Systemischer Supervisor (SG) Promotion (Dr. rer. nat.) an der Universit\u00e4t Marburg: Vorurteilsforschung bis 1999 wissenschaftlicher Mitarbeiter an den Universit\u00e4ten Bochum Louvain-la-Neuve (Belgien), M\u00fcnster und Jena: Forschung zum Abbau von Vorurteilen und Diskriminierung bis 2011 Mitarbeiter im Grend-Bildungswerk: interkulturelle und politische Bildung seit 1999 freiberufliche T\u00e4tigkeiten neben meiner Festanstellung: Weiterbildung \/ Systemische Therapie\" \/>\n<meta property=\"og:url\" content=\"http:\/\/www.aklink.de\/wpak\/zur-person\/\" \/>\n<meta property=\"og:site_name\" content=\"Andreas Klink\" \/>\n<meta property=\"article:modified_time\" content=\"2023-06-12T19:06:27+00:00\" \/>\n<meta name=\"twitter:card\" content=\"summary_large_image\" \/>\n<meta name=\"twitter:label1\" content=\"Gesch\u00e4tzte Lesezeit\" \/>\n\t<meta name=\"twitter:data1\" content=\"1\u00a0Minute\" \/>\n<script type=\"application\/ld+json\" class=\"yoast-schema-graph\">{\"@context\":\"https:\/\/schema.org\",\"@graph\":[{\"@type\":\"WebPage\",\"@id\":\"http:\/\/www.aklink.de\/wpak\/zur-person\/\",\"url\":\"http:\/\/www.aklink.de\/wpak\/zur-person\/\",\"name\":\"Zur Person | Andreas Klink\",\"isPartOf\":{\"@id\":\"http:\/\/www.aklink.de\/wpak\/#website\"},\"datePublished\":\"2011-04-23T23:30:28+00:00\",\"dateModified\":\"2023-06-12T19:06:27+00:00\",\"breadcrumb\":{\"@id\":\"http:\/\/www.aklink.de\/wpak\/zur-person\/#breadcrumb\"},\"inLanguage\":\"de\",\"potentialAction\":[{\"@type\":\"ReadAction\",\"target\":[\"http:\/\/www.aklink.de\/wpak\/zur-person\/\"]}]},{\"@type\":\"BreadcrumbList\",\"@id\":\"http:\/\/www.aklink.de\/wpak\/zur-person\/#breadcrumb\",\"itemListElement\":[{\"@type\":\"ListItem\",\"position\":1,\"name\":\"Startseite\",\"item\":\"http:\/\/www.aklink.de\/wpak\/\"},{\"@type\":\"ListItem\",\"position\":2,\"name\":\"Zur Person\"}]},{\"@type\":\"WebSite\",\"@id\":\"http:\/\/www.aklink.de\/wpak\/#website\",\"url\":\"http:\/\/www.aklink.de\/wpak\/\",\"name\":\"Andreas Klink\",\"description\":\"\",\"publisher\":{\"@id\":\"http:\/\/www.aklink.de\/wpak\/#\/schema\/person\/56e12f2c209b4947bd310bde790c9815\"},\"potentialAction\":[{\"@type\":\"SearchAction\",\"target\":{\"@type\":\"EntryPoint\",\"urlTemplate\":\"http:\/\/www.aklink.de\/wpak\/?s={search_term_string}\"},\"query-input\":{\"@type\":\"PropertyValueSpecification\",\"valueRequired\":true,\"valueName\":\"search_term_string\"}}],\"inLanguage\":\"de\"},{\"@type\":[\"Person\",\"Organization\"],\"@id\":\"http:\/\/www.aklink.de\/wpak\/#\/schema\/person\/56e12f2c209b4947bd310bde790c9815\",\"name\":\"ak\",\"logo\":{\"@id\":\"http:\/\/www.aklink.de\/wpak\/#\/schema\/person\/image\/\"},\"sameAs\":[\"http:\/\/www.aklink.de\"]}]}<\/script>\n<!-- \/ Yoast SEO plugin. -->","yoast_head_json":{"title":"Zur Person | Andreas Klink","robots":{"index":"index","follow":"follow","max-snippet":"max-snippet:-1","max-image-preview":"max-image-preview:large","max-video-preview":"max-video-preview:-1"},"canonical":"http:\/\/www.aklink.de\/wpak\/zur-person\/","og_locale":"de_DE","og_type":"article","og_title":"Zur Person | Andreas Klink","og_description":"Jahrgang 1963 Diplom-Psychologe Systemischer Therapeut &amp; Berater (SG), Systemischer Supervisor (SG) Promotion (Dr. rer. nat.) an der Universit\u00e4t Marburg: Vorurteilsforschung bis 1999 wissenschaftlicher Mitarbeiter an den Universit\u00e4ten Bochum Louvain-la-Neuve (Belgien), M\u00fcnster und Jena: Forschung zum Abbau von Vorurteilen und Diskriminierung bis 2011 Mitarbeiter im Grend-Bildungswerk: interkulturelle und politische Bildung seit 1999 freiberufliche T\u00e4tigkeiten neben meiner Festanstellung: Weiterbildung \/ Systemische Therapie","og_url":"http:\/\/www.aklink.de\/wpak\/zur-person\/","og_site_name":"Andreas Klink","article_modified_time":"2023-06-12T19:06:27+00:00","twitter_card":"summary_large_image","twitter_misc":{"Gesch\u00e4tzte Lesezeit":"1\u00a0Minute"},"schema":{"@context":"https:\/\/schema.org","@graph":[{"@type":"WebPage","@id":"http:\/\/www.aklink.de\/wpak\/zur-person\/","url":"http:\/\/www.aklink.de\/wpak\/zur-person\/","name":"Zur Person | Andreas Klink","isPartOf":{"@id":"http:\/\/www.aklink.de\/wpak\/#website"},"datePublished":"2011-04-23T23:30:28+00:00","dateModified":"2023-06-12T19:06:27+00:00","breadcrumb":{"@id":"http:\/\/www.aklink.de\/wpak\/zur-person\/#breadcrumb"},"inLanguage":"de","potentialAction":[{"@type":"ReadAction","target":["http:\/\/www.aklink.de\/wpak\/zur-person\/"]}]},{"@type":"BreadcrumbList","@id":"http:\/\/www.aklink.de\/wpak\/zur-person\/#breadcrumb","itemListElement":[{"@type":"ListItem","position":1,"name":"Startseite","item":"http:\/\/www.aklink.de\/wpak\/"},{"@type":"ListItem","position":2,"name":"Zur Person"}]},{"@type":"WebSite","@id":"http:\/\/www.aklink.de\/wpak\/#website","url":"http:\/\/www.aklink.de\/wpak\/","name":"Andreas Klink","description":"","publisher":{"@id":"http:\/\/www.aklink.de\/wpak\/#\/schema\/person\/56e12f2c209b4947bd310bde790c9815"},"potentialAction":[{"@type":"SearchAction","target":{"@type":"EntryPoint","urlTemplate":"http:\/\/www.aklink.de\/wpak\/?s={search_term_string}"},"query-input":{"@type":"PropertyValueSpecification","valueRequired":true,"valueName":"search_term_string"}}],"inLanguage":"de"},{"@type":["Person","Organization"],"@id":"http:\/\/www.aklink.de\/wpak\/#\/schema\/person\/56e12f2c209b4947bd310bde790c9815","name":"ak","logo":{"@id":"http:\/\/www.aklink.de\/wpak\/#\/schema\/person\/image\/"},"sameAs":["http:\/\/www.aklink.de"]}]}},"_links":{"self":[{"href":"https:\/\/www.aklink.de\/wpak\/wp-json\/wp\/v2\/pages\/62","targetHints":{"allow":["GET"]}}],"collection":[{"href":"https:\/\/www.aklink.de\/wpak\/wp-json\/wp\/v2\/pages"}],"about":[{"href":"https:\/\/www.aklink.de\/wpak\/wp-json\/wp\/v2\/types\/page"}],"author":[{"embeddable":true,"href":"https:\/\/www.aklink.de\/wpak\/wp-json\/wp\/v2\/users\/1"}],"replies":[{"embeddable":true,"href":"https:\/\/www.aklink.de\/wpak\/wp-json\/wp\/v2\/comments?post=62"}],"version-history":[{"count":44,"href":"https:\/\/www.aklink.de\/wpak\/wp-json\/wp\/v2\/pages\/62\/revisions"}],"predecessor-version":[{"id":2710,"href":"https:\/\/www.aklink.de\/wpak\/wp-json\/wp\/v2\/pages\/62\/revisions\/2710"}],"wp:attachment":[{"href":"https:\/\/www.aklink.de\/wpak\/wp-json\/wp\/v2\/media?parent=62"}],"curies":[{"name":"wp","href":"https:\/\/api.w.org\/{rel}","templated":true}]}}

<ul>
<li>Jahrgang 1963</li>
<li>Diplom-Psychologe</li>
<li>Systemischer Therapeut &amp; Berater (SG), Systemischer Supervisor (SG)</li>
<li>Promotion (Dr. rer. nat.) an der Universität <a href="http://www.uni-marburg.de/fb04/team-wagner/" target="_blank" rel="noopener noreferrer">Marburg</a>: Vorurteilsforschung</li>
<li>bis 1999 wissenschaftlicher Mitarbeiter an den Universitäten <a href="http://www.ruhr-uni-bochum.de/soc-psy/" target="_blank" rel="noopener noreferrer">Bochum</a> <a href="http://www.uclouvain.be/en-psor.html" target="_blank" rel="noopener noreferrer">Louvain-la-Neuve</a> (Belgien), <a href="http://www.uni-muenster.de/Psychologie/institute/index.html#InstPsy" target="_blank" rel="noopener noreferrer">Münster</a> und <a href="http://www.sozialpsychologie.uni-jena.de/" target="_blank" rel="noopener noreferrer">Jena</a>: Forschung zum Abbau von Vorurteilen und Diskriminierung</li>
<li>bis 2011 Mitarbeiter im <a href="http://www.grend-bildungswerk.de" target="_blank" rel="noopener noreferrer">Grend-Bildungswerk</a>: interkulturelle und politische Bildung</li>
<li>seit 1999 freiberufliche Tätigkeiten neben meiner Festanstellung: Weiterbildung / <a title="Therapie und Beratung" href="http://www.aklink.de/wpak/systemische-beratung">Systemische Therapie und Beratung</a> / Supervision / <a title="Evaluation" href="http://www.aklink.de/wpak/evaluation">Evaluation</a></li>
<li>seit Mai 2011 Lehrveranstaltungen am&nbsp; <a href="http://www.if-weinheim.de/" target="_blank" rel="noopener noreferrer">IFW</a></li>
<li>seit Januar 2012 pädagogische Leitung im <a href="http://www.awo-essen.de/jugendhilfenetzwerk" target="_blank" rel="noopener noreferrer">Jugendhilfenetzwerk </a>der AWO Essen</li>
<li>seit November 2012 Mitglied im Redaktionsteam der <a href="http://if-weinheim.de/if-weinheim/systhema/systhema.html" target="_blank" rel="noopener noreferrer">Systhema </a></li>
<li>seit Januar 2013 Lehrtherapeut&nbsp;<a href="http://www.if-weinheim.de/" target="_blank" rel="noopener noreferrer">IFW</a></li>
<li>November 2013 bis November 2014 Vorstand Institut für Familientherapie Weinheim – Ausbildung und Entwicklung e.V. (zusammen mit Tom Pinkall)</li>
<li>seit November 2014 geschäftsführende Redaktion der&nbsp;<a href="http://if-weinheim.de/if-weinheim/systhema/systhema.html" target="_blank" rel="noopener noreferrer">Systhema</a>&nbsp; &#8211; bis 2016 in Vertretung für Ursel Winkler (†)</li>
<li>seit Dezember 2016 Lehrtherapeut (SG)</li>
<li>seit November 2018 Insoweit erfahrene Kinderschutzfachkraft</li>
<li>seit Juli 2021 Abteilungsleitung Jugend und Leitung im <a href="http://www.awo-essen.de/jugendhilfenetzwerk" target="_blank" rel="noopener noreferrer">Jugendhilfenetzwerk </a>der AWO Essen</li>
</ul>

<p>Jahrgang 1963 Diplom-Psychologe Systemischer Therapeut &amp; Berater (SG), Systemischer Supervisor (SG) Promotion (Dr. rer. nat.) an der Universität Marburg: Vorurteilsforschung bis 1999 wissenschaftlicher Mitarbeiter an den Universitäten Bochum Louvain-la-Neuve (Belgien), Münster und Jena: Forschung zum Abbau von Vorurteilen und Diskriminierung bis 2011 Mitarbeiter im Grend-Bildungswerk: interkulturelle und politische Bildung seit 1999 freiberufliche Tätigkeiten neben meiner Festanstellung: Weiterbildung / Systemische Therapie</p>

<!-- This site is optimized with the Yoast SEO plugin v26.4 - https://yoast.com/wordpress/plugins/seo/ -->
<title>Zur Person | Andreas Klink</title>
<meta name="robots" content="index, follow, max-snippet:-1, max-image-preview:large, max-video-preview:-1" />
<link rel="canonical" href="http://www.aklink.de/wpak/zur-person/" />
<meta property="og:locale" content="de_DE" />
<meta property="og:type" content="article" />
<meta property="og:title" content="Zur Person | Andreas Klink" />
<meta property="og:description" content="Jahrgang 1963 Diplom-Psychologe Systemischer Therapeut &amp; Berater (SG), Systemischer Supervisor (SG) Promotion (Dr. rer. nat.) an der Universität Marburg: Vorurteilsforschung bis 1999 wissenschaftlicher Mitarbeiter an den Universitäten Bochum Louvain-la-Neuve (Belgien), Münster und Jena: Forschung zum Abbau von Vorurteilen und Diskriminierung bis 2011 Mitarbeiter im Grend-Bildungswerk: interkulturelle und politische Bildung seit 1999 freiberufliche Tätigkeiten neben meiner Festanstellung: Weiterbildung / Systemische Therapie" />
<meta property="og:url" content="http://www.aklink.de/wpak/zur-person/" />
<meta property="og:site_name" content="Andreas Klink" />
<meta property="article:modified_time" content="2023-06-12T19:06:27+00:00" />
<meta name="twitter:card" content="summary_large_image" />
<meta name="twitter:label1" content="Geschätzte Lesezeit" />
	<meta name="twitter:data1" content="1 Minute" />
<script type="application/ld+json" class="yoast-schema-graph">{"@context":"https://schema.org","@graph":[{"@type":"WebPage","@id":"http://www.aklink.de/wpak/zur-person/","url":"http://www.aklink.de/wpak/zur-person/","name":"Zur Person | Andreas Klink","isPartOf":{"@id":"http://www.aklink.de/wpak/#website"},"datePublished":"2011-04-23T23:30:28+00:00","dateModified":"2023-06-12T19:06:27+00:00","breadcrumb":{"@id":"http://www.aklink.de/wpak/zur-person/#breadcrumb"},"inLanguage":"de","potentialAction":[{"@type":"ReadAction","target":["http://www.aklink.de/wpak/zur-person/"]}]},{"@type":"BreadcrumbList","@id":"http://www.aklink.de/wpak/zur-person/#breadcrumb","itemListElement":[{"@type":"ListItem","position":1,"name":"Startseite","item":"http://www.aklink.de/wpak/"},{"@type":"ListItem","position":2,"name":"Zur Person"}]},{"@type":"WebSite","@id":"http://www.aklink.de/wpak/#website","url":"http://www.aklink.de/wpak/","name":"Andreas Klink","description":"","publisher":{"@id":"http://www.aklink.de/wpak/#/schema/person/56e12f2c209b4947bd310bde790c9815"},"potentialAction":[{"@type":"SearchAction","target":{"@type":"EntryPoint","urlTemplate":"http://www.aklink.de/wpak/?s={search_term_string}"},"query-input":{"@type":"PropertyValueSpecification","valueRequired":true,"valueName":"search_term_string"}}],"inLanguage":"de"},{"@type":["Person","Organization"],"@id":"http://www.aklink.de/wpak/#/schema/person/56e12f2c209b4947bd310bde790c9815","name":"ak","logo":{"@id":"http://www.aklink.de/wpak/#/schema/person/image/"},"sameAs":["http://www.aklink.de"]}]}</script>
<!-- / Yoast SEO plugin. -->

Jahrgang 1963 Diplom-Psychologe Systemischer Therapeut &amp; Berater (SG), Systemischer Supervisor (SG) Promotion (Dr. rer. nat.) an der Universität Marburg: Vorurteilsforschung bis 1999 wissenschaftlicher Mitarbeiter an den Universitäten Bochum Louvain-la-Neuve (Belgien), Münster und Jena: Forschung zum Abbau von Vorurteilen und Diskriminierung bis 2011 Mitarbeiter im Grend-Bildungswerk: interkulturelle und politische Bildung seit 1999 freiberufliche Tätigkeiten neben meiner Festanstellung: Weiterbildung / Systemische Therapie
