{"id":79,"date":"2011-04-24T00:04:48","date_gmt":"2011-04-24T00:04:48","guid":{"rendered":"http:\/\/www.aklink.de\/wpak\/?page_id=79"},"modified":"2022-06-26T19:15:59","modified_gmt":"2022-06-26T17:15:59","slug":"berufliche-erfahrungen","status":"publish","type":"page","link":"https:\/\/www.aklink.de\/wpak\/zur-person\/berufliche-erfahrungen\/","title":{"rendered":"Berufliche Erfahrungen"},"content":{"rendered":"<ul>\n<li>1991-1993<br \/><a href=\"http:\/\/www.soc.psy.rub.de\/\" target=\"_blank\" rel=\"noopener noreferrer\">Lehrstuhl Sozialpsychologie<\/a> an der Ruhr-Universit\u00e4t Bochum (Prof. W. Heinemann und Prof. H.W. Bierhoff)<br \/>wissenschaftlicher Mitarbeiter \/ Stipendium an der Universit\u00e4t von <a href=\"https:\/\/louvain-social-psychology-lab8.webnode.be\/\" target=\"_blank\" rel=\"noopener noreferrer\">Louvain-la-Neuve<\/a> (Belgien)<\/li>\n<li>1993-1997<br \/><a href=\"https:\/\/www.uni-muenster.de\/Psychologie\/\" target=\"_blank\" rel=\"noopener noreferrer\">Psychologisches Institut IV der Universit\u00e4t M\u00fcnster<\/a> (Prof. A. Mummendey)<br \/>wissenschaftlicher Mitarbeiter \/ Doktorandenstipendium im Graduiertenkolleg &#8222;Konflikte im Kontext sozialer und kultureller Diversit\u00e4t&#8220;<\/li>\n<li>1997-1999<br \/>Lehrstuhl<a href=\"https:\/\/www.sozpsy.uni-jena.de\/\" target=\"_blank\" rel=\"noopener noreferrer\"> Sozialpsychologie der Universit\u00e4t Jena<\/a> (Prof. A. Mummendey)<br \/>wissenschaftlicher Mitarbeiter \/ Projektleitung: Bew\u00e4ltigung &#8217;negativer sozialer Identit\u00e4t&#8216;. Eine Begleitstudie zum ost-westdeutschen Integrationsprozess<\/li>\n<li>1999-2011<br \/><a href=\"http:\/\/www.grend-bildungswerk.de\" target=\"_blank\" rel=\"noopener noreferrer\">GREND-Bildungswerk<\/a> (Tr\u00e4ger: Werkstatt-Bildungswerk e.V.)<br \/>Organisation und Leitung von Weiterbildungsveranstaltungen mit inhaltlichem Schwerpunkt inter\u00adkulturelle Bildung; Beratung, Supervision und Fortbildung von Kursleitern; Qualit\u00e4tssicherung und Evaluation des Weiterbildungsangebotes, Buchprojekte mit Kindern und Jugendlichen<\/li>\n<li>seit 2012<br \/>P\u00e4dagogische Leitung im <a href=\"https:\/\/www.awo-essen.de\/kinder-eltern\/einrichtungen-buergerhaeuser\/jugendhilfenetzwerk\/\" target=\"_blank\" rel=\"noopener noreferrer\">Jugendhilfenetzwerk <\/a>der Arbeiterwohlfahrt in Essen<\/li>\n<li>seit Juni 2021<br \/>Abteilungsleitung Jugend bei der <a href=\"http:\/\/www.awo-essen.de\" target=\"_blank\" rel=\"noopener\">AWO Essen<\/a> und Leitung im <a href=\"https:\/\/www.awo-essen.de\/kinder-eltern\/einrichtungen-buergerhaeuser\/jugendhilfenetzwerk\/\" target=\"_blank\" rel=\"noopener noreferrer\">Jugendhilfenetzwerk <\/a>der Arbeiterwohlfahrt in Essen: Ambulante Jugendhilfe, (pr\u00e4ventive) Jugendhilfeprojekte, Jugendhilfe &amp; Schule, Kriminalpr\u00e4vention und Quartiershausmeister<\/li>\n<\/ul>\n\n\n<p><\/p>\n","protected":false},"excerpt":{"rendered":"<p>1991-1993Lehrstuhl Sozialpsychologie an der Ruhr-Universit\u00e4t Bochum (Prof. W. Heinemann und Prof. H.W. Bierhoff)wissenschaftlicher Mitarbeiter \/ Stipendium an der Universit\u00e4t von Louvain-la-Neuve (Belgien) 1993-1997Psychologisches Institut IV der Universit\u00e4t M\u00fcnster (Prof. A. Mummendey)wissenschaftlicher Mitarbeiter \/ Doktorandenstipendium im Graduiertenkolleg &#8222;Konflikte im Kontext sozialer und kultureller Diversit\u00e4t&#8220; 1997-1999Lehrstuhl Sozialpsychologie der Universit\u00e4t Jena (Prof. A. Mummendey)wissenschaftlicher Mitarbeiter \/ Projektleitung: Bew\u00e4ltigung &#8217;negativer sozialer Identit\u00e4t&#8216;. Eine Begleitstudie<\/p>\n","protected":false},"author":1,"featured_media":0,"parent":62,"menu_order":2,"comment_status":"closed","ping_status":"open","template":"","meta":{"footnotes":""},"class_list":["post-79","page","type-page","status-publish","hentry"],"yoast_head":"<!-- This site is optimized with the Yoast SEO plugin v26.4 - https:\/\/yoast.com\/wordpress\/plugins\/seo\/ -->\n<title>Berufliche Erfahrungen | Andreas Klink<\/title>\n<meta name=\"robots\" content=\"index, follow, max-snippet:-1, max-image-preview:large, max-video-preview:-1\" \/>\n<link rel=\"canonical\" href=\"http:\/\/www.aklink.de\/wpak\/zur-person\/berufliche-erfahrungen\/\" \/>\n<meta property=\"og:locale\" content=\"de_DE\" \/>\n<meta property=\"og:type\" content=\"article\" \/>\n<meta property=\"og:title\" content=\"Berufliche Erfahrungen | Andreas Klink\" \/>\n<meta property=\"og:description\" content=\"1991-1993Lehrstuhl Sozialpsychologie an der Ruhr-Universit\u00e4t Bochum (Prof. W. Heinemann und Prof. H.W. Bierhoff)wissenschaftlicher Mitarbeiter \/ Stipendium an der Universit\u00e4t von Louvain-la-Neuve (Belgien) 1993-1997Psychologisches Institut IV der Universit\u00e4t M\u00fcnster (Prof. A. Mummendey)wissenschaftlicher Mitarbeiter \/ Doktorandenstipendium im Graduiertenkolleg &#8222;Konflikte im Kontext sozialer und kultureller Diversit\u00e4t&#8220; 1997-1999Lehrstuhl Sozialpsychologie der Universit\u00e4t Jena (Prof. A. Mummendey)wissenschaftlicher Mitarbeiter \/ Projektleitung: Bew\u00e4ltigung &#8217;negativer sozialer Identit\u00e4t&#8216;. Eine Begleitstudie\" \/>\n<meta property=\"og:url\" content=\"http:\/\/www.aklink.de\/wpak\/zur-person\/berufliche-erfahrungen\/\" \/>\n<meta property=\"og:site_name\" content=\"Andreas Klink\" \/>\n<meta property=\"article:modified_time\" content=\"2022-06-26T17:15:59+00:00\" \/>\n<meta name=\"twitter:card\" content=\"summary_large_image\" \/>\n<meta name=\"twitter:label1\" content=\"Gesch\u00e4tzte Lesezeit\" \/>\n\t<meta name=\"twitter:data1\" content=\"1\u00a0Minute\" \/>\n<script type=\"application\/ld+json\" class=\"yoast-schema-graph\">{\"@context\":\"https:\/\/schema.org\",\"@graph\":[{\"@type\":\"WebPage\",\"@id\":\"http:\/\/www.aklink.de\/wpak\/zur-person\/berufliche-erfahrungen\/\",\"url\":\"http:\/\/www.aklink.de\/wpak\/zur-person\/berufliche-erfahrungen\/\",\"name\":\"Berufliche Erfahrungen | Andreas Klink\",\"isPartOf\":{\"@id\":\"https:\/\/www.aklink.de\/wpak\/#website\"},\"datePublished\":\"2011-04-24T00:04:48+00:00\",\"dateModified\":\"2022-06-26T17:15:59+00:00\",\"breadcrumb\":{\"@id\":\"http:\/\/www.aklink.de\/wpak\/zur-person\/berufliche-erfahrungen\/#breadcrumb\"},\"inLanguage\":\"de\",\"potentialAction\":[{\"@type\":\"ReadAction\",\"target\":[\"http:\/\/www.aklink.de\/wpak\/zur-person\/berufliche-erfahrungen\/\"]}]},{\"@type\":\"BreadcrumbList\",\"@id\":\"http:\/\/www.aklink.de\/wpak\/zur-person\/berufliche-erfahrungen\/#breadcrumb\",\"itemListElement\":[{\"@type\":\"ListItem\",\"position\":1,\"name\":\"Startseite\",\"item\":\"https:\/\/www.aklink.de\/wpak\/\"},{\"@type\":\"ListItem\",\"position\":2,\"name\":\"Zur Person\",\"item\":\"http:\/\/www.aklink.de\/wpak\/zur-person\/\"},{\"@type\":\"ListItem\",\"position\":3,\"name\":\"Berufliche Erfahrungen\"}]},{\"@type\":\"WebSite\",\"@id\":\"https:\/\/www.aklink.de\/wpak\/#website\",\"url\":\"https:\/\/www.aklink.de\/wpak\/\",\"name\":\"Andreas Klink\",\"description\":\"\",\"publisher\":{\"@id\":\"https:\/\/www.aklink.de\/wpak\/#\/schema\/person\/56e12f2c209b4947bd310bde790c9815\"},\"potentialAction\":[{\"@type\":\"SearchAction\",\"target\":{\"@type\":\"EntryPoint\",\"urlTemplate\":\"https:\/\/www.aklink.de\/wpak\/?s={search_term_string}\"},\"query-input\":{\"@type\":\"PropertyValueSpecification\",\"valueRequired\":true,\"valueName\":\"search_term_string\"}}],\"inLanguage\":\"de\"},{\"@type\":[\"Person\",\"Organization\"],\"@id\":\"https:\/\/www.aklink.de\/wpak\/#\/schema\/person\/56e12f2c209b4947bd310bde790c9815\",\"name\":\"ak\",\"logo\":{\"@id\":\"https:\/\/www.aklink.de\/wpak\/#\/schema\/person\/image\/\"},\"sameAs\":[\"http:\/\/www.aklink.de\"]}]}<\/script>\n<!-- \/ Yoast SEO plugin. -->","yoast_head_json":{"title":"Berufliche Erfahrungen | Andreas Klink","robots":{"index":"index","follow":"follow","max-snippet":"max-snippet:-1","max-image-preview":"max-image-preview:large","max-video-preview":"max-video-preview:-1"},"canonical":"http:\/\/www.aklink.de\/wpak\/zur-person\/berufliche-erfahrungen\/","og_locale":"de_DE","og_type":"article","og_title":"Berufliche Erfahrungen | Andreas Klink","og_description":"1991-1993Lehrstuhl Sozialpsychologie an der Ruhr-Universit\u00e4t Bochum (Prof. W. Heinemann und Prof. H.W. Bierhoff)wissenschaftlicher Mitarbeiter \/ Stipendium an der Universit\u00e4t von Louvain-la-Neuve (Belgien) 1993-1997Psychologisches Institut IV der Universit\u00e4t M\u00fcnster (Prof. A. Mummendey)wissenschaftlicher Mitarbeiter \/ Doktorandenstipendium im Graduiertenkolleg &#8222;Konflikte im Kontext sozialer und kultureller Diversit\u00e4t&#8220; 1997-1999Lehrstuhl Sozialpsychologie der Universit\u00e4t Jena (Prof. A. Mummendey)wissenschaftlicher Mitarbeiter \/ Projektleitung: Bew\u00e4ltigung &#8217;negativer sozialer Identit\u00e4t&#8216;. Eine Begleitstudie","og_url":"http:\/\/www.aklink.de\/wpak\/zur-person\/berufliche-erfahrungen\/","og_site_name":"Andreas Klink","article_modified_time":"2022-06-26T17:15:59+00:00","twitter_card":"summary_large_image","twitter_misc":{"Gesch\u00e4tzte Lesezeit":"1\u00a0Minute"},"schema":{"@context":"https:\/\/schema.org","@graph":[{"@type":"WebPage","@id":"http:\/\/www.aklink.de\/wpak\/zur-person\/berufliche-erfahrungen\/","url":"http:\/\/www.aklink.de\/wpak\/zur-person\/berufliche-erfahrungen\/","name":"Berufliche Erfahrungen | Andreas Klink","isPartOf":{"@id":"https:\/\/www.aklink.de\/wpak\/#website"},"datePublished":"2011-04-24T00:04:48+00:00","dateModified":"2022-06-26T17:15:59+00:00","breadcrumb":{"@id":"http:\/\/www.aklink.de\/wpak\/zur-person\/berufliche-erfahrungen\/#breadcrumb"},"inLanguage":"de","potentialAction":[{"@type":"ReadAction","target":["http:\/\/www.aklink.de\/wpak\/zur-person\/berufliche-erfahrungen\/"]}]},{"@type":"BreadcrumbList","@id":"http:\/\/www.aklink.de\/wpak\/zur-person\/berufliche-erfahrungen\/#breadcrumb","itemListElement":[{"@type":"ListItem","position":1,"name":"Startseite","item":"https:\/\/www.aklink.de\/wpak\/"},{"@type":"ListItem","position":2,"name":"Zur Person","item":"http:\/\/www.aklink.de\/wpak\/zur-person\/"},{"@type":"ListItem","position":3,"name":"Berufliche Erfahrungen"}]},{"@type":"WebSite","@id":"https:\/\/www.aklink.de\/wpak\/#website","url":"https:\/\/www.aklink.de\/wpak\/","name":"Andreas Klink","description":"","publisher":{"@id":"https:\/\/www.aklink.de\/wpak\/#\/schema\/person\/56e12f2c209b4947bd310bde790c9815"},"potentialAction":[{"@type":"SearchAction","target":{"@type":"EntryPoint","urlTemplate":"https:\/\/www.aklink.de\/wpak\/?s={search_term_string}"},"query-input":{"@type":"PropertyValueSpecification","valueRequired":true,"valueName":"search_term_string"}}],"inLanguage":"de"},{"@type":["Person","Organization"],"@id":"https:\/\/www.aklink.de\/wpak\/#\/schema\/person\/56e12f2c209b4947bd310bde790c9815","name":"ak","logo":{"@id":"https:\/\/www.aklink.de\/wpak\/#\/schema\/person\/image\/"},"sameAs":["http:\/\/www.aklink.de"]}]}},"_links":{"self":[{"href":"https:\/\/www.aklink.de\/wpak\/wp-json\/wp\/v2\/pages\/79","targetHints":{"allow":["GET"]}}],"collection":[{"href":"https:\/\/www.aklink.de\/wpak\/wp-json\/wp\/v2\/pages"}],"about":[{"href":"https:\/\/www.aklink.de\/wpak\/wp-json\/wp\/v2\/types\/page"}],"author":[{"embeddable":true,"href":"https:\/\/www.aklink.de\/wpak\/wp-json\/wp\/v2\/users\/1"}],"replies":[{"embeddable":true,"href":"https:\/\/www.aklink.de\/wpak\/wp-json\/wp\/v2\/comments?post=79"}],"version-history":[{"count":24,"href":"https:\/\/www.aklink.de\/wpak\/wp-json\/wp\/v2\/pages\/79\/revisions"}],"predecessor-version":[{"id":2562,"href":"https:\/\/www.aklink.de\/wpak\/wp-json\/wp\/v2\/pages\/79\/revisions\/2562"}],"up":[{"embeddable":true,"href":"https:\/\/www.aklink.de\/wpak\/wp-json\/wp\/v2\/pages\/62"}],"wp:attachment":[{"href":"https:\/\/www.aklink.de\/wpak\/wp-json\/wp\/v2\/media?parent=79"}],"curies":[{"name":"wp","href":"https:\/\/api.w.org\/{rel}","templated":true}]}}

<ul>
<li>1991-1993<br /><a href="http://www.soc.psy.rub.de/" target="_blank" rel="noopener noreferrer">Lehrstuhl Sozialpsychologie</a> an der Ruhr-Universität Bochum (Prof. W. Heinemann und Prof. H.W. Bierhoff)<br />wissenschaftlicher Mitarbeiter / Stipendium an der Universität von <a href="https://louvain-social-psychology-lab8.webnode.be/" target="_blank" rel="noopener noreferrer">Louvain-la-Neuve</a> (Belgien)</li>
<li>1993-1997<br /><a href="https://www.uni-muenster.de/Psychologie/" target="_blank" rel="noopener noreferrer">Psychologisches Institut IV der Universität Münster</a> (Prof. A. Mummendey)<br />wissenschaftlicher Mitarbeiter / Doktorandenstipendium im Graduiertenkolleg &#8222;Konflikte im Kontext sozialer und kultureller Diversität&#8220;</li>
<li>1997-1999<br />Lehrstuhl<a href="https://www.sozpsy.uni-jena.de/" target="_blank" rel="noopener noreferrer"> Sozialpsychologie der Universität Jena</a> (Prof. A. Mummendey)<br />wissenschaftlicher Mitarbeiter / Projektleitung: Bewältigung &#8217;negativer sozialer Identität&#8216;. Eine Begleitstudie zum ost-westdeutschen Integrationsprozess</li>
<li>1999-2011<br /><a href="http://www.grend-bildungswerk.de" target="_blank" rel="noopener noreferrer">GREND-Bildungswerk</a> (Träger: Werkstatt-Bildungswerk e.V.)<br />Organisation und Leitung von Weiterbildungsveranstaltungen mit inhaltlichem Schwerpunkt inter­kulturelle Bildung; Beratung, Supervision und Fortbildung von Kursleitern; Qualitätssicherung und Evaluation des Weiterbildungsangebotes, Buchprojekte mit Kindern und Jugendlichen</li>
<li>seit 2012<br />Pädagogische Leitung im <a href="https://www.awo-essen.de/kinder-eltern/einrichtungen-buergerhaeuser/jugendhilfenetzwerk/" target="_blank" rel="noopener noreferrer">Jugendhilfenetzwerk </a>der Arbeiterwohlfahrt in Essen</li>
<li>seit Juni 2021<br />Abteilungsleitung Jugend bei der <a href="http://www.awo-essen.de" target="_blank" rel="noopener">AWO Essen</a> und Leitung im <a href="https://www.awo-essen.de/kinder-eltern/einrichtungen-buergerhaeuser/jugendhilfenetzwerk/" target="_blank" rel="noopener noreferrer">Jugendhilfenetzwerk </a>der Arbeiterwohlfahrt in Essen: Ambulante Jugendhilfe, (präventive) Jugendhilfeprojekte, Jugendhilfe &amp; Schule, Kriminalprävention und Quartiershausmeister</li>
</ul>


<p></p>

<p>1991-1993Lehrstuhl Sozialpsychologie an der Ruhr-Universität Bochum (Prof. W. Heinemann und Prof. H.W. Bierhoff)wissenschaftlicher Mitarbeiter / Stipendium an der Universität von Louvain-la-Neuve (Belgien) 1993-1997Psychologisches Institut IV der Universität Münster (Prof. A. Mummendey)wissenschaftlicher Mitarbeiter / Doktorandenstipendium im Graduiertenkolleg &#8222;Konflikte im Kontext sozialer und kultureller Diversität&#8220; 1997-1999Lehrstuhl Sozialpsychologie der Universität Jena (Prof. A. Mummendey)wissenschaftlicher Mitarbeiter / Projektleitung: Bewältigung &#8217;negativer sozialer Identität&#8216;. Eine Begleitstudie</p>

<!-- This site is optimized with the Yoast SEO plugin v26.4 - https://yoast.com/wordpress/plugins/seo/ -->
<title>Berufliche Erfahrungen | Andreas Klink</title>
<meta name="robots" content="index, follow, max-snippet:-1, max-image-preview:large, max-video-preview:-1" />
<link rel="canonical" href="http://www.aklink.de/wpak/zur-person/berufliche-erfahrungen/" />
<meta property="og:locale" content="de_DE" />
<meta property="og:type" content="article" />
<meta property="og:title" content="Berufliche Erfahrungen | Andreas Klink" />
<meta property="og:description" content="1991-1993Lehrstuhl Sozialpsychologie an der Ruhr-Universität Bochum (Prof. W. Heinemann und Prof. H.W. Bierhoff)wissenschaftlicher Mitarbeiter / Stipendium an der Universität von Louvain-la-Neuve (Belgien) 1993-1997Psychologisches Institut IV der Universität Münster (Prof. A. Mummendey)wissenschaftlicher Mitarbeiter / Doktorandenstipendium im Graduiertenkolleg &#8222;Konflikte im Kontext sozialer und kultureller Diversität&#8220; 1997-1999Lehrstuhl Sozialpsychologie der Universität Jena (Prof. A. Mummendey)wissenschaftlicher Mitarbeiter / Projektleitung: Bewältigung &#8217;negativer sozialer Identität&#8216;. Eine Begleitstudie" />
<meta property="og:url" content="http://www.aklink.de/wpak/zur-person/berufliche-erfahrungen/" />
<meta property="og:site_name" content="Andreas Klink" />
<meta property="article:modified_time" content="2022-06-26T17:15:59+00:00" />
<meta name="twitter:card" content="summary_large_image" />
<meta name="twitter:label1" content="Geschätzte Lesezeit" />
	<meta name="twitter:data1" content="1 Minute" />
<script type="application/ld+json" class="yoast-schema-graph">{"@context":"https://schema.org","@graph":[{"@type":"WebPage","@id":"http://www.aklink.de/wpak/zur-person/berufliche-erfahrungen/","url":"http://www.aklink.de/wpak/zur-person/berufliche-erfahrungen/","name":"Berufliche Erfahrungen | Andreas Klink","isPartOf":{"@id":"https://www.aklink.de/wpak/#website"},"datePublished":"2011-04-24T00:04:48+00:00","dateModified":"2022-06-26T17:15:59+00:00","breadcrumb":{"@id":"http://www.aklink.de/wpak/zur-person/berufliche-erfahrungen/#breadcrumb"},"inLanguage":"de","potentialAction":[{"@type":"ReadAction","target":["http://www.aklink.de/wpak/zur-person/berufliche-erfahrungen/"]}]},{"@type":"BreadcrumbList","@id":"http://www.aklink.de/wpak/zur-person/berufliche-erfahrungen/#breadcrumb","itemListElement":[{"@type":"ListItem","position":1,"name":"Startseite","item":"https://www.aklink.de/wpak/"},{"@type":"ListItem","position":2,"name":"Zur Person","item":"http://www.aklink.de/wpak/zur-person/"},{"@type":"ListItem","position":3,"name":"Berufliche Erfahrungen"}]},{"@type":"WebSite","@id":"https://www.aklink.de/wpak/#website","url":"https://www.aklink.de/wpak/","name":"Andreas Klink","description":"","publisher":{"@id":"https://www.aklink.de/wpak/#/schema/person/56e12f2c209b4947bd310bde790c9815"},"potentialAction":[{"@type":"SearchAction","target":{"@type":"EntryPoint","urlTemplate":"https://www.aklink.de/wpak/?s={search_term_string}"},"query-input":{"@type":"PropertyValueSpecification","valueRequired":true,"valueName":"search_term_string"}}],"inLanguage":"de"},{"@type":["Person","Organization"],"@id":"https://www.aklink.de/wpak/#/schema/person/56e12f2c209b4947bd310bde790c9815","name":"ak","logo":{"@id":"https://www.aklink.de/wpak/#/schema/person/image/"},"sameAs":["http://www.aklink.de"]}]}</script>
<!-- / Yoast SEO plugin. -->

1991-1993Lehrstuhl Sozialpsychologie an der Ruhr-Universität Bochum (Prof. W. Heinemann und Prof. H.W. Bierhoff)wissenschaftlicher Mitarbeiter / Stipendium an der Universität von Louvain-la-Neuve (Belgien) 1993-1997Psychologisches Institut IV der Universität Münster (Prof. A. Mummendey)wissenschaftlicher Mitarbeiter / Doktorandenstipendium im Graduiertenkolleg &#8222;Konflikte im Kontext sozialer und kultureller Diversität&#8220; 1997-1999Lehrstuhl Sozialpsychologie der Universität Jena (Prof. A. Mummendey)wissenschaftlicher Mitarbeiter / Projektleitung: Bewältigung &#8217;negativer sozialer Identität&#8216;. Eine Begleitstudie
